Last updated on 2025-07-16 17:49:24 CEST.
Flavor | Version | Tinstall | Tcheck | Ttotal | Status | Flags |
---|---|---|---|---|---|---|
r-devel-linux-x86_64-debian-clang | 0.3.0 | 8.25 | 83.13 | 91.38 | OK | |
r-devel-linux-x86_64-debian-gcc | 0.3.0 | 6.98 | 67.13 | 74.11 | OK | |
r-devel-linux-x86_64-fedora-clang | 0.3.0 | 146.02 | OK | |||
r-devel-linux-x86_64-fedora-gcc | 0.3.0 | 157.94 | OK | |||
r-devel-windows-x86_64 | 0.3.0 | 9.00 | 87.00 | 96.00 | OK | |
r-patched-linux-x86_64 | 0.3.0 | 7.05 | 76.80 | 83.85 | OK | |
r-release-linux-x86_64 | 0.3.0 | 6.47 | 75.82 | 82.29 | OK | |
r-release-macos-arm64 | 0.3.0 | 74.00 | OK | |||
r-release-macos-x86_64 | 0.3.0 | 154.00 | OK | |||
r-release-windows-x86_64 | 0.3.0 | 9.00 | 105.00 | 114.00 | OK | |
r-oldrel-macos-arm64 | 0.3.0 | 64.00 | NOTE | |||
r-oldrel-macos-x86_64 | 0.3.0 | 146.00 | NOTE | |||
r-oldrel-windows-x86_64 | 0.3.0 | 11.00 | 108.00 | 119.00 | NOTE |
Version: 0.3.0
Check: LazyData
Result: NOTE
'LazyData' is specified without a 'data' directory
Flavors: r-oldrel-macos-arm64, r-oldrel-macos-x86_64, r-oldrel-windows-x86_64