Last updated on 2025-07-21 09:49:53 CEST.
Flavor | Version | Tinstall | Tcheck | Ttotal | Status | Flags |
---|---|---|---|---|---|---|
r-devel-linux-x86_64-debian-clang | 0.3.4 | 2.05 | 35.00 | 37.05 | OK | |
r-devel-linux-x86_64-debian-gcc | 0.3.4 | 1.50 | 28.35 | 29.85 | OK | |
r-devel-linux-x86_64-fedora-clang | 0.3.4 | 60.00 | OK | |||
r-devel-linux-x86_64-fedora-gcc | 0.3.4 | 68.29 | OK | |||
r-devel-windows-x86_64 | 0.3.4 | 4.00 | 53.00 | 57.00 | OK | |
r-patched-linux-x86_64 | 0.3.4 | 2.31 | 31.84 | 34.15 | OK | |
r-release-linux-x86_64 | 0.3.4 | 2.44 | 31.78 | 34.22 | OK | |
r-release-macos-arm64 | 0.3.4 | 35.00 | OK | |||
r-release-macos-x86_64 | 0.3.4 | 60.00 | OK | |||
r-release-windows-x86_64 | 0.3.4 | 4.00 | 55.00 | 59.00 | OK | |
r-oldrel-macos-arm64 | 0.3.4 | 29.00 | NOTE | |||
r-oldrel-macos-x86_64 | 0.3.4 | 50.00 | NOTE | |||
r-oldrel-windows-x86_64 | 0.3.4 | 4.00 | 62.00 | 66.00 | NOTE |
Version: 0.3.4
Check: LazyData
Result: NOTE
'LazyData' is specified without a 'data' directory
Flavors: r-oldrel-macos-arm64, r-oldrel-macos-x86_64, r-oldrel-windows-x86_64