Last updated on 2025-07-21 23:50:38 CEST.
Flavor | Version | Tinstall | Tcheck | Ttotal | Status | Flags |
---|---|---|---|---|---|---|
r-devel-linux-x86_64-debian-clang | 0.4.0 | 6.18 | 53.10 | 59.28 | OK | |
r-devel-linux-x86_64-debian-gcc | 0.4.0 | 4.67 | 39.78 | 44.45 | OK | |
r-devel-linux-x86_64-fedora-clang | 0.4.0 | 89.92 | OK | |||
r-devel-linux-x86_64-fedora-gcc | 0.4.0 | 85.21 | OK | |||
r-devel-windows-x86_64 | 0.4.0 | 9.00 | 66.00 | 75.00 | OK | |
r-patched-linux-x86_64 | 0.4.0 | 6.42 | 47.48 | 53.90 | OK | |
r-release-linux-x86_64 | 0.4.0 | 5.74 | 48.65 | 54.39 | OK | |
r-release-macos-arm64 | 0.4.0 | 45.00 | OK | |||
r-release-macos-x86_64 | 0.4.0 | 66.00 | OK | |||
r-release-windows-x86_64 | 0.4.0 | 9.00 | 66.00 | 75.00 | OK | |
r-oldrel-macos-arm64 | 0.4.0 | 28.00 | NOTE | |||
r-oldrel-macos-x86_64 | 0.4.0 | 60.00 | NOTE | |||
r-oldrel-windows-x86_64 | 0.4.0 | 10.00 | 79.00 | 89.00 | NOTE |
Version: 0.4.0
Check: LazyData
Result: NOTE
'LazyData' is specified without a 'data' directory
Flavors: r-oldrel-macos-arm64, r-oldrel-macos-x86_64, r-oldrel-windows-x86_64