Last updated on 2025-05-25 13:49:43 CEST.
Flavor | Version | Tinstall | Tcheck | Ttotal | Status | Flags |
---|---|---|---|---|---|---|
r-devel-linux-x86_64-debian-clang | 2.1.0 | 73.98 | 31.43 | 105.41 | OK | |
r-devel-linux-x86_64-debian-gcc | 2.1.0 | 51.76 | 25.08 | 76.84 | OK | |
r-devel-linux-x86_64-fedora-clang | 2.1.0 | 210.85 | OK | |||
r-devel-linux-x86_64-fedora-gcc | 2.1.0 | 227.26 | OK | |||
r-devel-windows-x86_64 | 2.1.0 | 85.00 | 124.00 | 209.00 | OK | |
r-patched-linux-x86_64 | 2.1.0 | 75.39 | 30.12 | 105.51 | OK | |
r-release-linux-x86_64 | 2.1.0 | 74.29 | 30.27 | 104.56 | OK | |
r-release-macos-arm64 | 2.1.0 | 50.00 | OK | |||
r-release-macos-x86_64 | 2.1.0 | 77.00 | OK | |||
r-release-windows-x86_64 | 2.1.0 | 83.00 | 78.00 | 161.00 | OK | |
r-oldrel-macos-arm64 | 2.1.0 | 54.00 | NOTE | |||
r-oldrel-macos-x86_64 | 2.1.0 | 80.00 | NOTE | |||
r-oldrel-windows-x86_64 | 2.1.0 | 92.00 | 90.00 | 182.00 | OK |
Version: 2.1.0
Check: installed package size
Result: NOTE
installed size is 7.6Mb
sub-directories of 1Mb or more:
doc 1.8Mb
libs 5.7Mb
Flavors: r-oldrel-macos-arm64, r-oldrel-macos-x86_64