CRAN Package Check Results for Package fairadapt

Last updated on 2025-05-28 09:52:54 CEST.

Flavor Version Tinstall Tcheck Ttotal Status Flags
r-devel-linux-x86_64-debian-clang 1.0.0 8.94 167.18 176.12 OK
r-devel-linux-x86_64-debian-gcc 1.0.0 6.46 119.05 125.51 OK
r-devel-linux-x86_64-fedora-clang 1.0.0 266.82 OK
r-devel-linux-x86_64-fedora-gcc 1.0.0 267.09 OK
r-devel-windows-x86_64 1.0.0 11.00 238.00 249.00 OK
r-patched-linux-x86_64 1.0.0 8.60 156.29 164.89 OK
r-release-linux-x86_64 1.0.0 8.81 158.53 167.34 OK
r-release-macos-arm64 1.0.0 113.00 ERROR
r-release-macos-x86_64 1.0.0 179.00 OK
r-release-windows-x86_64 1.0.0 13.00 229.00 242.00 OK
r-oldrel-macos-arm64 1.0.0 104.00 ERROR
r-oldrel-macos-x86_64 1.0.0 211.00 OK
r-oldrel-windows-x86_64 1.0.0 13.00 255.00 268.00 OK

Check Details

Version: 1.0.0
Check: re-building of vignette outputs
Result: ERROR Error(s) in re-building vignettes: --- re-building ‘jss.Rmd’ using rmarkdown This is pdfTeX, Version 3.141592653-2.6-1.40.24 (TeX Live 2022) (preloaded format=pdflatex) restricted \write18 enabled. entering extended mode kpathsea: Running mktexpk --mfmode / --bdpi 600 --mag 1+57/600 --dpi 657 bbm10 mkdir: ././opt/tex/texmf-var/fonts/pk/ljfour/public: Permission denied mktexpk: /opt/tex/texmf-dist/web2c/mktexdir /opt/tex/texmf-var/fonts/pk/ljfour/public/bbm failed. kpathsea: Appending font creation commands to missfont.log. This is pdfTeX, Version 3.141592653-2.6-1.40.24 (TeX Live 2022) (preloaded format=pdflatex) restricted \write18 enabled. entering extended mode kpathsea: Running mktexpk --mfmode / --bdpi 600 --mag 1+57/600 --dpi 657 bbm10 mkdir: ././opt/tex/texmf-var/fonts/pk/ljfour/public: Permission denied mktexpk: /opt/tex/texmf-dist/web2c/mktexdir /opt/tex/texmf-var/fonts/pk/ljfour/public/bbm failed. kpathsea: Appending font creation commands to missfont.log. This is pdfTeX, Version 3.141592653-2.6-1.40.24 (TeX Live 2022) (preloaded format=pdflatex) restricted \write18 enabled. entering extended mode kpathsea: Running mktexpk --mfmode / --bdpi 600 --mag 1+57/600 --dpi 657 bbm10 mkdir: ././opt/tex/texmf-var/fonts/pk/ljfour/public: Permission denied mktexpk: /opt/tex/texmf-dist/web2c/mktexdir /opt/tex/texmf-var/fonts/pk/ljfour/public/bbm failed. kpathsea: Appending font creation commands to missfont.log. Error: processing vignette 'jss.Rmd' failed with diagnostics: LaTeX failed to compile /Volumes/Builds/packages/big-sur-arm64/results/4.5/fairadapt.Rcheck/vign_test/fairadapt/vignettes/jss.tex. See https://yihui.org/tinytex/r/#debugging for debugging tips. --- failed re-building ‘jss.Rmd’ SUMMARY: processing the following file failed: ‘jss.Rmd’ Error: Vignette re-building failed. Execution halted Flavor: r-release-macos-arm64

Version: 1.0.0
Check: re-building of vignette outputs
Result: ERROR Error(s) in re-building vignettes: --- re-building ‘jss.Rmd’ using rmarkdown This is pdfTeX, Version 3.141592653-2.6-1.40.24 (TeX Live 2022) (preloaded format=pdflatex) restricted \write18 enabled. entering extended mode kpathsea: Running mktexpk --mfmode / --bdpi 600 --mag 1+57/600 --dpi 657 bbm10 mkdir: ././opt/tex/texmf-var/fonts/pk/ljfour/public: Permission denied mktexpk: /opt/tex/texmf-dist/web2c/mktexdir /opt/tex/texmf-var/fonts/pk/ljfour/public/bbm failed. kpathsea: Appending font creation commands to missfont.log. This is pdfTeX, Version 3.141592653-2.6-1.40.24 (TeX Live 2022) (preloaded format=pdflatex) restricted \write18 enabled. entering extended mode kpathsea: Running mktexpk --mfmode / --bdpi 600 --mag 1+57/600 --dpi 657 bbm10 mkdir: ././opt/tex/texmf-var/fonts/pk/ljfour/public: Permission denied mktexpk: /opt/tex/texmf-dist/web2c/mktexdir /opt/tex/texmf-var/fonts/pk/ljfour/public/bbm failed. kpathsea: Appending font creation commands to missfont.log. This is pdfTeX, Version 3.141592653-2.6-1.40.24 (TeX Live 2022) (preloaded format=pdflatex) restricted \write18 enabled. entering extended mode kpathsea: Running mktexpk --mfmode / --bdpi 600 --mag 1+57/600 --dpi 657 bbm10 mkdir: ././opt/tex/texmf-var/fonts/pk/ljfour/public: Permission denied mktexpk: /opt/tex/texmf-dist/web2c/mktexdir /opt/tex/texmf-var/fonts/pk/ljfour/public/bbm failed. kpathsea: Appending font creation commands to missfont.log. Error: processing vignette 'jss.Rmd' failed with diagnostics: LaTeX failed to compile /Volumes/Builds/packages/big-sur-arm64/results/4.4/fairadapt.Rcheck/vign_test/fairadapt/vignettes/jss.tex. See https://yihui.org/tinytex/r/#debugging for debugging tips. --- failed re-building ‘jss.Rmd’ SUMMARY: processing the following file failed: ‘jss.Rmd’ Error: Vignette re-building failed. Execution halted Flavor: r-oldrel-macos-arm64