CRAN Package Check Results for Package factorplot

Last updated on 2025-07-27 23:52:07 CEST.

Flavor Version Tinstall Tcheck Ttotal Status Flags
r-devel-linux-x86_64-debian-clang 1.2.4 7.65 55.32 62.97 OK
r-devel-linux-x86_64-debian-gcc 1.2.4 4.94 41.65 46.59 OK
r-devel-linux-x86_64-fedora-clang 1.2.4 98.36 OK
r-devel-linux-x86_64-fedora-gcc 1.2.4 92.92 OK
r-devel-windows-x86_64 1.2.4 9.00 68.00 77.00 OK
r-patched-linux-x86_64 1.2.3 7.29 53.15 60.44 NOTE
r-release-linux-x86_64 1.2.4 6.44 53.77 60.21 OK
r-release-macos-arm64 1.2.4 30.00 OK
r-release-macos-x86_64 1.2.4 60.00 OK
r-release-windows-x86_64 1.2.4 7.00 68.00 75.00 OK
r-oldrel-macos-arm64 1.2.4 33.00 OK
r-oldrel-macos-x86_64 1.2.4 68.00 OK
r-oldrel-windows-x86_64 1.2.4 11.00 82.00 93.00 OK

Check Details

Version: 1.2.3
Check: Rd cross-references
Result: NOTE Found the following Rd file(s) with Rd \link{} targets missing package anchors: factorplot.Rd: glht, summary.glht Please provide package anchors for all Rd \link{} targets not in the package itself and the base packages. Flavor: r-patched-linux-x86_64