Last updated on 2025-05-28 17:57:21 CEST.
Flavor | Version | Tinstall | Tcheck | Ttotal | Status | Flags |
---|---|---|---|---|---|---|
r-devel-linux-x86_64-debian-clang | 0.5.0 | 4.09 | 156.18 | 160.27 | OK | |
r-devel-linux-x86_64-debian-gcc | 0.5.0 | 2.81 | 87.44 | 90.25 | ERROR | |
r-devel-linux-x86_64-fedora-clang | 0.5.0 | 256.20 | OK | |||
r-devel-linux-x86_64-fedora-gcc | 0.5.0 | 254.41 | OK | |||
r-devel-windows-x86_64 | 0.5.0 | 8.00 | 152.00 | 160.00 | OK | |
r-patched-linux-x86_64 | 0.5.0 | 3.39 | 144.91 | 148.30 | OK | |
r-release-linux-x86_64 | 0.5.0 | 3.76 | 120.63 | 124.39 | ERROR | |
r-release-macos-arm64 | 0.5.0 | 92.00 | OK | |||
r-release-macos-x86_64 | 0.5.0 | 201.00 | OK | |||
r-release-windows-x86_64 | 0.5.0 | 8.00 | 153.00 | 161.00 | OK | |
r-oldrel-macos-arm64 | 0.5.0 | 83.00 | OK | |||
r-oldrel-macos-x86_64 | 0.5.0 | 186.00 | OK | |||
r-oldrel-windows-x86_64 | 0.5.0 | 10.00 | 200.00 | 210.00 | OK |
Version: 0.5.0
Check: tests
Result: ERROR
Running ‘tinytest.R’ [10s/11s]
Running the tests in ‘tests/tinytest.R’ failed.
Complete output:
>
> if ( requireNamespace("tinytest", quietly=TRUE) ){
+ tinytest::test_package("etwfe")
+ }
test_baker.R.................. 0 tests
test_baker.R.................. 0 tests
test_baker.R.................. 0 tests
test_baker.R.................. 0 tests
test_baker.R.................. 0 tests
test_baker.R.................. 5 tests <1b>[0;32mOK<1b>[0m <1b>[0;34m5.9s<1b>[0m
test_emfx.R................... 0 tests
test_emfx.R................... 0 tests
test_emfx.R................... 0 tests
test_emfx.R................... 0 tests The variables '.Dtreat:first.treat::2006:year::2004', '.Dtreat:first.treat::2006:year::2005', '.Dtreat:first.treat::2007:year::2004', '.Dtreat:first.treat::2007:year::2005', '.Dtreat:first.treat::2007:year::2006', '.Dtreat:first.treat::2006:year::2004:lpop_dm' and 4 others have been removed because of collinearity (see $collin.var).
test_emfx.R................... 0 tests
test_emfx.R................... 0 tests
test_emfx.R................... 0 tests
test_emfx.R................... 0 tests
test_emfx.R................... 0 tests
test_emfx.R................... 0 tests
test_emfx.R................... 0 tests
test_emfx.R................... 0 tests
test_emfx.R................... 0 tests
test_emfx.R................... 0 tests
test_emfx.R................... 0 tests
test_emfx.R................... 0 tests malloc(): unsorted double linked list corrupted
Aborted
Flavor: r-devel-linux-x86_64-debian-gcc
Version: 0.5.0
Check: tests
Result: ERROR
Running ‘tinytest.R’ [17s/22s]
Running the tests in ‘tests/tinytest.R’ failed.
Complete output:
>
> if ( requireNamespace("tinytest", quietly=TRUE) ){
+ tinytest::test_package("etwfe")
+ }
test_baker.R.................. 0 tests
test_baker.R.................. 0 tests
test_baker.R.................. 0 tests
test_baker.R.................. 0 tests
test_baker.R.................. 0 tests
test_baker.R.................. 5 tests <1b>[0;32mOK<1b>[0m <1b>[0;34m9.3s<1b>[0m
test_emfx.R................... 0 tests
test_emfx.R................... 0 tests
test_emfx.R................... 0 tests
test_emfx.R................... 0 tests The variables '.Dtreat:first.treat::2006:year::2004', '.Dtreat:first.treat::2006:year::2005', '.Dtreat:first.treat::2007:year::2004', '.Dtreat:first.treat::2007:year::2005', '.Dtreat:first.treat::2007:year::2006', '.Dtreat:first.treat::2006:year::2004:lpop_dm' and 4 others have been removed because of collinearity (see $collin.var).
test_emfx.R................... 0 tests
test_emfx.R................... 0 tests
test_emfx.R................... 0 tests
test_emfx.R................... 0 tests
test_emfx.R................... 0 tests
test_emfx.R................... 0 tests
test_emfx.R................... 0 tests
test_emfx.R................... 0 tests
test_emfx.R................... 0 tests
test_emfx.R................... 0 tests
test_emfx.R................... 0 tests
test_emfx.R................... 0 tests
test_emfx.R................... 0 tests
test_emfx.R................... 0 tests malloc(): unsorted double linked list corrupted
Aborted
Flavor: r-release-linux-x86_64