CRAN Package Check Results for Package errorlocate

Last updated on 2025-05-28 13:48:25 CEST.

Flavor Version Tinstall Tcheck Ttotal Status Flags
r-devel-linux-x86_64-debian-clang 1.1.1 5.97 60.15 66.12 NOTE
r-devel-linux-x86_64-debian-gcc 1.1.1 3.98 42.96 46.94 NOTE
r-devel-linux-x86_64-fedora-clang 1.1.1 104.31 OK
r-devel-linux-x86_64-fedora-gcc 1.1.1 112.12 OK
r-devel-windows-x86_64 1.1.1 6.00 77.00 83.00 NOTE
r-patched-linux-x86_64 1.1.1 6.41 56.09 62.50 NOTE
r-release-linux-x86_64 1.1.1 6.15 57.10 63.25 NOTE
r-release-macos-arm64 1.1.1 40.00 OK
r-release-macos-x86_64 1.1.1 75.00 OK
r-release-windows-x86_64 1.1.1 7.00 77.00 84.00 NOTE
r-oldrel-macos-arm64 1.1.1 36.00 OK
r-oldrel-macos-x86_64 1.1.1 58.00 OK
r-oldrel-windows-x86_64 1.1.1 10.00 92.00 102.00 OK

Check Details

Version: 1.1.1
Check: Rd cross-references
Result: NOTE Found the following Rd file(s) with Rd \link{} targets missing package anchors: MipRules-class.Rd: validator errorlocate-package.Rd: validate errorlocation.Rd: values is_linear.Rd: validator replace_errors.Rd: validator translate_mip_lp.Rd: lp.control Please provide package anchors for all Rd \link{} targets not in the package itself and the base packages. Flavors: r-devel-linux-x86_64-debian-clang, r-devel-linux-x86_64-debian-gcc, r-devel-windows-x86_64, r-patched-linux-x86_64, r-release-linux-x86_64, r-release-windows-x86_64