Last updated on 2025-07-24 09:49:57 CEST.
Flavor | Version | Tinstall | Tcheck | Ttotal | Status | Flags |
---|---|---|---|---|---|---|
r-devel-linux-x86_64-debian-clang | 2.2.0 | 26.84 | 158.40 | 185.24 | OK | |
r-devel-linux-x86_64-debian-gcc | 2.2.0 | 19.34 | 113.65 | 132.99 | OK | |
r-devel-linux-x86_64-fedora-clang | 2.2.0 | 300.24 | OK | |||
r-devel-linux-x86_64-fedora-gcc | 2.2.0 | 315.09 | OK | |||
r-devel-windows-x86_64 | 2.2.0 | 32.00 | 179.00 | 211.00 | OK | |
r-patched-linux-x86_64 | 2.2.0 | 26.91 | 148.51 | 175.42 | OK | |
r-release-linux-x86_64 | 2.2.0 | 25.13 | 148.04 | 173.17 | OK | |
r-release-macos-arm64 | 2.2.0 | 63.00 | OK | |||
r-release-macos-x86_64 | 2.2.0 | 184.00 | OK | |||
r-release-windows-x86_64 | 2.2.0 | 31.00 | 184.00 | 215.00 | OK | |
r-oldrel-macos-arm64 | 2.2.0 | 67.00 | NOTE | |||
r-oldrel-macos-x86_64 | 2.2.0 | 245.00 | OK | |||
r-oldrel-windows-x86_64 | 2.2.0 | 38.00 | 233.00 | 271.00 | OK |
Version: 2.2.0
Check: package dependencies
Result: NOTE
Package suggested but not available for checking: ‘gcspikelite’
Flavor: r-oldrel-macos-arm64