Last updated on 2025-07-28 09:50:01 CEST.
Flavor | Version | Tinstall | Tcheck | Ttotal | Status | Flags |
---|---|---|---|---|---|---|
r-devel-linux-x86_64-debian-clang | 1.2.0 | 6.17 | 47.52 | 53.69 | NOTE | |
r-devel-linux-x86_64-debian-gcc | 1.2.0 | 5.15 | 34.64 | 39.79 | NOTE | |
r-devel-linux-x86_64-fedora-clang | 1.2.0 | 85.44 | NOTE | |||
r-devel-linux-x86_64-fedora-gcc | 1.2.0 | 86.16 | NOTE | |||
r-devel-windows-x86_64 | 1.2.0 | 8.00 | 76.00 | 84.00 | NOTE | |
r-patched-linux-x86_64 | 1.2.0 | 7.91 | 41.15 | 49.06 | NOTE | |
r-release-linux-x86_64 | 1.2.0 | 6.97 | 44.89 | 51.86 | NOTE | |
r-release-macos-arm64 | 1.2.0 | 29.00 | NOTE | |||
r-release-macos-x86_64 | 1.2.0 | 46.00 | NOTE | |||
r-release-windows-x86_64 | 1.2.0 | 8.00 | 77.00 | 85.00 | NOTE | |
r-oldrel-macos-arm64 | 1.2.0 | 24.00 | NOTE | |||
r-oldrel-macos-x86_64 | 1.2.0 | 35.00 | NOTE | |||
r-oldrel-windows-x86_64 | 1.2.0 | 12.00 | 88.00 | 100.00 | NOTE |
Version: 1.2.0
Check: Rd files
Result: NOTE
checkRd: (-1) docs_delete_by_query.Rd:47: Lost braces; missing escapes or markup?
47 | as a document at .tasks/task/${taskId}. This is yours to keep or remove
| ^
checkRd: (-1) docs_update_by_query.Rd:48: Lost braces; missing escapes or markup?
48 | as a document at .tasks/task/${taskId}. This is yours to keep or remove
| ^
Flavors: r-devel-linux-x86_64-debian-clang, r-devel-linux-x86_64-debian-gcc, r-devel-linux-x86_64-fedora-clang, r-devel-linux-x86_64-fedora-gcc, r-devel-windows-x86_64, r-patched-linux-x86_64, r-release-linux-x86_64, r-release-macos-arm64, r-release-macos-x86_64, r-release-windows-x86_64, r-oldrel-macos-arm64, r-oldrel-macos-x86_64, r-oldrel-windows-x86_64