CRAN Package Check Results for Package eegkitdata

Last updated on 2025-05-25 04:50:17 CEST.

Flavor Version Tinstall Tcheck Ttotal Status Flags
r-devel-linux-x86_64-debian-clang 1.1 1.47 18.84 20.31 NOTE
r-devel-linux-x86_64-debian-gcc 1.1 1.42 15.49 16.91 NOTE
r-devel-linux-x86_64-fedora-clang 1.1 31.53 OK
r-devel-linux-x86_64-fedora-gcc 1.1 30.21 OK
r-devel-windows-x86_64 1.1 2.00 43.00 45.00 OK
r-patched-linux-x86_64 1.1 1.69 17.87 19.56 OK
r-release-linux-x86_64 1.1 1.62 18.21 19.83 OK
r-release-macos-arm64 1.1 14.00 OK
r-release-macos-x86_64 1.1 23.00 OK
r-release-windows-x86_64 1.1 4.00 40.00 44.00 OK
r-oldrel-macos-arm64 1.1 14.00 OK
r-oldrel-macos-x86_64 1.1 20.00 OK
r-oldrel-windows-x86_64 1.1 3.00 35.00 38.00 OK

Check Details

Version: 1.1
Check: CRAN incoming feasibility
Result: NOTE Maintainer: ‘Nathaniel E. Helwig <helwig@umn.edu>’ No Authors@R field in DESCRIPTION. Please add one, modifying Authors@R: person(given = c("Nathaniel", "E."), family = "Helwig", role = c("aut", "cre"), email = "helwig@umn.edu") as necessary. Flavors: r-devel-linux-x86_64-debian-clang, r-devel-linux-x86_64-debian-gcc