CRAN Package Check Results for Package ecdfHT

Last updated on 2025-05-24 23:50:09 CEST.

Flavor Version Tinstall Tcheck Ttotal Status Flags
r-devel-linux-x86_64-debian-clang 0.1.1 2.57 27.65 30.22 NOTE
r-devel-linux-x86_64-debian-gcc 0.1.1 1.82 21.54 23.36 NOTE
r-devel-linux-x86_64-fedora-clang 0.1.1 48.24 OK
r-devel-linux-x86_64-fedora-gcc 0.1.1 46.19 OK
r-devel-windows-x86_64 0.1.1 6.00 74.00 80.00 OK
r-patched-linux-x86_64 0.1.1 2.72 26.62 29.34 OK
r-release-linux-x86_64 0.1.1 2.44 26.80 29.24 OK
r-release-macos-arm64 0.1.1 21.00 OK
r-release-macos-x86_64 0.1.1 37.00 OK
r-release-windows-x86_64 0.1.1 5.00 46.00 51.00 OK
r-oldrel-macos-arm64 0.1.1 17.00 NOTE
r-oldrel-macos-x86_64 0.1.1 30.00 NOTE
r-oldrel-windows-x86_64 0.1.1 5.00 49.00 54.00 NOTE

Check Details

Version: 0.1.1
Check: CRAN incoming feasibility
Result: NOTE Maintainer: ‘John P Nolan <jpnolan@american.edu>’ No Authors@R field in DESCRIPTION. Please add one, modifying Authors@R: person(given = c("John", "P"), family = "Nolan", role = c("aut", "cre"), email = "jpnolan@american.edu") as necessary. Flavors: r-devel-linux-x86_64-debian-clang, r-devel-linux-x86_64-debian-gcc

Version: 0.1.1
Check: LazyData
Result: NOTE 'LazyData' is specified without a 'data' directory Flavors: r-oldrel-macos-arm64, r-oldrel-macos-x86_64, r-oldrel-windows-x86_64