CRAN Package Check Results for Package easySVG

Last updated on 2025-05-24 23:50:09 CEST.

Flavor Version Tinstall Tcheck Ttotal Status Flags
r-devel-linux-x86_64-debian-clang 0.1.0 1.71 24.68 26.39 NOTE
r-devel-linux-x86_64-debian-gcc 0.1.0 1.64 19.92 21.56 NOTE
r-devel-linux-x86_64-fedora-clang 0.1.0 41.21 OK
r-devel-linux-x86_64-fedora-gcc 0.1.0 53.14 OK
r-devel-windows-x86_64 0.1.0 4.00 87.00 91.00 OK
r-patched-linux-x86_64 0.1.0 2.05 22.44 24.49 OK
r-release-linux-x86_64 0.1.0 1.91 22.42 24.33 OK
r-release-macos-arm64 0.1.0 23.00 OK
r-release-macos-x86_64 0.1.0 40.00 OK
r-release-windows-x86_64 0.1.0 3.00 46.00 49.00 OK
r-oldrel-macos-arm64 0.1.0 21.00 NOTE
r-oldrel-macos-x86_64 0.1.0 32.00 NOTE
r-oldrel-windows-x86_64 0.1.0 3.00 50.00 53.00 NOTE

Check Details

Version: 0.1.0
Check: CRAN incoming feasibility
Result: NOTE Maintainer: ‘Yuting Dai <forlynna@sjtu.edu.cn>’ Found the following (possibly) invalid file URI: URI: forlynna@sjtu.edu.cn From: man/easySVG.Rd Flavors: r-devel-linux-x86_64-debian-clang, r-devel-linux-x86_64-debian-gcc

Version: 0.1.0
Check: LazyData
Result: NOTE 'LazyData' is specified without a 'data' directory Flavors: r-oldrel-macos-arm64, r-oldrel-macos-x86_64, r-oldrel-windows-x86_64