Last updated on 2025-05-28 09:52:53 CEST.
Flavor | Version | Tinstall | Tcheck | Ttotal | Status | Flags |
---|---|---|---|---|---|---|
r-devel-linux-x86_64-debian-clang | 0.1.0 | 2.56 | 27.65 | 30.21 | NOTE | |
r-devel-linux-x86_64-debian-gcc | 0.1.0 | 2.02 | 22.26 | 24.28 | NOTE | |
r-devel-linux-x86_64-fedora-clang | 0.1.0 | 48.05 | OK | |||
r-devel-linux-x86_64-fedora-gcc | 0.1.0 | 59.32 | OK | |||
r-devel-windows-x86_64 | 0.1.0 | 5.00 | 55.00 | 60.00 | OK | |
r-patched-linux-x86_64 | 0.1.0 | 2.87 | 26.44 | 29.31 | OK | |
r-release-linux-x86_64 | 0.1.0 | 2.08 | 26.79 | 28.87 | OK | |
r-release-macos-arm64 | 0.1.0 | 40.00 | OK | |||
r-release-macos-x86_64 | 0.1.0 | 68.00 | OK | |||
r-release-windows-x86_64 | 0.1.0 | 5.00 | 57.00 | 62.00 | OK | |
r-oldrel-macos-arm64 | 0.1.0 | 33.00 | OK | |||
r-oldrel-macos-x86_64 | 0.1.0 | 46.00 | OK | |||
r-oldrel-windows-x86_64 | 0.1.0 | 5.00 | 65.00 | 70.00 | OK |
Version: 0.1.0
Check: CRAN incoming feasibility
Result: NOTE
Maintainer: ‘Chris Mann <cmann3@unl.edu>’
No Authors@R field in DESCRIPTION.
Please add one, modifying
Authors@R: person(given = "Chris",
family = "Mann",
role = c("aut", "cre"),
email = "cmann3@unl.edu")
as necessary.
Flavors: r-devel-linux-x86_64-debian-clang, r-devel-linux-x86_64-debian-gcc