Last updated on 2025-05-29 04:50:18 CEST.
Flavor | Version | Tinstall | Tcheck | Ttotal | Status | Flags |
---|---|---|---|---|---|---|
r-devel-linux-x86_64-debian-clang | 1.1 | 1.79 | 28.75 | 30.54 | NOTE | |
r-devel-linux-x86_64-debian-gcc | 1.1 | 1.42 | 23.93 | 25.35 | NOTE | |
r-devel-linux-x86_64-fedora-clang | 1.1 | 48.63 | OK | |||
r-devel-linux-x86_64-fedora-gcc | 1.1 | 60.46 | OK | |||
r-devel-windows-x86_64 | 1.1 | 3.00 | 72.00 | 75.00 | OK | |
r-patched-linux-x86_64 | 1.1 | 1.67 | 27.70 | 29.37 | OK | |
r-release-linux-x86_64 | 1.1 | 1.51 | 27.37 | 28.88 | OK | |
r-release-macos-arm64 | 1.1 | 27.00 | OK | |||
r-release-macos-x86_64 | 1.1 | 48.00 | OK | |||
r-release-windows-x86_64 | 1.1 | 4.00 | 77.00 | 81.00 | OK | |
r-oldrel-macos-arm64 | 1.1 | 24.00 | OK | |||
r-oldrel-macos-x86_64 | 1.1 | 69.00 | OK | |||
r-oldrel-windows-x86_64 | 1.1 | 2.00 | 75.00 | 77.00 | OK |
Version: 1.1
Check: CRAN incoming feasibility
Result: NOTE
Maintainer: ‘Oscar Garcia <garcia@dasometrics.net>’
Package CITATION file contains call(s) to old-style personList() or
as.personList(). Please use c() on person objects instead.
Package CITATION file contains call(s) to old-style citEntry(). Please
use bibentry() instead.
Flavors: r-devel-linux-x86_64-debian-clang, r-devel-linux-x86_64-debian-gcc