Last updated on 2025-05-26 04:50:06 CEST.
Flavor | Version | Tinstall | Tcheck | Ttotal | Status | Flags |
---|---|---|---|---|---|---|
r-devel-linux-x86_64-debian-clang | 1.3.6 | 2.38 | 21.98 | 24.36 | NOTE | |
r-devel-linux-x86_64-debian-gcc | 1.3.6 | 1.80 | 17.84 | 19.64 | NOTE | |
r-devel-linux-x86_64-fedora-clang | 1.3.6 | 38.18 | OK | |||
r-devel-linux-x86_64-fedora-gcc | 1.3.6 | 37.00 | OK | |||
r-devel-windows-x86_64 | 1.3.6 | 4.00 | 44.00 | 48.00 | OK | |
r-patched-linux-x86_64 | 1.3.6 | 2.08 | 20.88 | 22.96 | OK | |
r-release-linux-x86_64 | 1.3.6 | 2.25 | 20.67 | 22.92 | OK | |
r-release-macos-arm64 | 1.3.6 | 18.00 | OK | |||
r-release-macos-x86_64 | 1.3.6 | 26.00 | OK | |||
r-release-windows-x86_64 | 1.3.6 | 4.00 | 46.00 | 50.00 | OK | |
r-oldrel-macos-arm64 | 1.3.6 | 23.00 | OK | |||
r-oldrel-macos-x86_64 | 1.3.6 | 23.00 | OK | |||
r-oldrel-windows-x86_64 | 1.3.6 | 4.00 | 44.00 | 48.00 | OK |
Version: 1.3.6
Check: CRAN incoming feasibility
Result: NOTE
Maintainer: ‘Alexis Dinno <alexis.dinno@pdx.edu>’
No Authors@R field in DESCRIPTION.
Please add one, modifying
Authors@R: person(given = "Alexis",
family = "Dinno",
role = c("aut", "cre"),
email = "alexis.dinno@pdx.edu")
as necessary.
Flavors: r-devel-linux-x86_64-debian-clang, r-devel-linux-x86_64-debian-gcc