CRAN Package Check Results for Package dsample

Last updated on 2025-05-24 17:52:04 CEST.

Flavor Version Tinstall Tcheck Ttotal Status Flags
r-devel-linux-x86_64-debian-clang 0.91.3.4 1.70 30.25 31.95 OK
r-devel-linux-x86_64-debian-gcc 0.91.3.4 1.34 24.58 25.92 OK
r-devel-linux-x86_64-fedora-clang 0.91.3.4 51.93 NOTE
r-devel-linux-x86_64-fedora-gcc 0.91.3.4 63.58 NOTE
r-devel-windows-x86_64 0.91.3.4 2.00 98.00 100.00 OK
r-patched-linux-x86_64 0.91.3.4 1.57 30.42 31.99 OK
r-release-linux-x86_64 0.91.3.4 1.61 30.11 31.72 OK
r-release-macos-arm64 0.91.3.4 51.00 OK
r-release-macos-x86_64 0.91.3.4 46.00 OK
r-release-windows-x86_64 0.91.3.4 4.00 75.00 79.00 OK
r-oldrel-macos-arm64 0.91.3.4 26.00 OK
r-oldrel-macos-x86_64 0.91.3.4 39.00 OK
r-oldrel-windows-x86_64 0.91.3.4 3.00 59.00 62.00 OK

Check Details

Version: 0.91.3.4
Check: dependencies in R code
Result: NOTE Namespace in Imports field not imported from: ‘mnormt’ All declared Imports should be used. Flavors: r-devel-linux-x86_64-fedora-clang, r-devel-linux-x86_64-fedora-gcc