Last updated on 2025-05-28 09:52:53 CEST.
Flavor | Version | Tinstall | Tcheck | Ttotal | Status | Flags |
---|---|---|---|---|---|---|
r-devel-linux-x86_64-debian-clang | 0.1.2 | 7.82 | 49.69 | 57.51 | OK | |
r-devel-linux-x86_64-debian-gcc | 0.1.2 | 6.16 | 38.10 | 44.26 | OK | |
r-devel-linux-x86_64-fedora-clang | 0.1.2 | 2.40 | ERROR | |||
r-devel-linux-x86_64-fedora-gcc | 0.1.2 | 2.47 | ERROR | |||
r-devel-windows-x86_64 | 0.1.2 | 9.00 | 72.00 | 81.00 | OK | |
r-patched-linux-x86_64 | 0.1.2 | 7.73 | 48.22 | 55.95 | OK | |
r-release-linux-x86_64 | 0.1.2 | 6.57 | 47.55 | 54.12 | OK | |
r-release-macos-arm64 | 0.1.2 | 47.00 | OK | |||
r-release-macos-x86_64 | 0.1.2 | 55.00 | OK | |||
r-release-windows-x86_64 | 0.1.2 | 8.00 | 68.00 | 76.00 | OK | |
r-oldrel-macos-arm64 | 0.1.2 | 42.00 | OK | |||
r-oldrel-macos-x86_64 | 0.1.2 | 44.00 | OK | |||
r-oldrel-windows-x86_64 | 0.1.2 | 11.00 | 76.00 | 87.00 | OK |
Version: 0.1.2
Check: package dependencies
Result: ERROR
Packages required but not available:
'loon', 'loon.ggplot', 'loon.shiny', 'loon.tourr'
See section ‘The DESCRIPTION file’ in the ‘Writing R Extensions’
manual.
Flavors: r-devel-linux-x86_64-fedora-clang, r-devel-linux-x86_64-fedora-gcc