CRAN Package Check Results for Package distreg.vis

Last updated on 2025-07-21 23:50:36 CEST.

Flavor Version Tinstall Tcheck Ttotal Status Flags
r-devel-linux-x86_64-debian-clang 1.7.5 16.14 158.49 174.63 NOTE
r-devel-linux-x86_64-debian-gcc 1.7.5 10.89 111.82 122.71 NOTE
r-devel-linux-x86_64-fedora-clang 1.7.5 273.21 OK
r-devel-linux-x86_64-fedora-gcc 1.7.5 256.12 OK
r-devel-windows-x86_64 1.7.5 18.00 153.00 171.00 NOTE
r-patched-linux-x86_64 1.7.5 14.95 148.62 163.57 NOTE
r-release-linux-x86_64 1.7.5 14.32 149.87 164.19 NOTE
r-release-macos-arm64 1.7.5 87.00 OK
r-release-macos-x86_64 1.7.5 135.00 OK
r-release-windows-x86_64 1.7.5 16.00 152.00 168.00 NOTE
r-oldrel-macos-arm64 1.7.5 80.00 OK
r-oldrel-macos-x86_64 1.7.5 131.00 OK
r-oldrel-windows-x86_64 1.7.5 23.00 199.00 222.00 OK

Check Details

Version: 1.7.5
Check: Rd cross-references
Result: NOTE Found the following Rd file(s) with Rd \link{} targets missing package anchors: dists.Rd: betareg moments.Rd: betareg, gamlss, bamlss plot_dist.Rd: gamlss, bamlss, betareg, ggplot2 plot_moments.Rd: gamlss, bamlss, betareg Please provide package anchors for all Rd \link{} targets not in the package itself and the base packages. Flavors: r-devel-linux-x86_64-debian-clang, r-devel-linux-x86_64-debian-gcc, r-devel-windows-x86_64, r-patched-linux-x86_64, r-release-linux-x86_64, r-release-windows-x86_64