CRAN Package Check Results for Package discretefit

Last updated on 2025-07-16 04:50:09 CEST.

Flavor Version Tinstall Tcheck Ttotal Status Flags
r-devel-linux-x86_64-debian-clang 0.1.2 16.56 39.07 55.63 NOTE
r-devel-linux-x86_64-debian-gcc 0.1.2 12.63 28.98 41.61 NOTE
r-devel-linux-x86_64-fedora-clang 0.1.2 99.04 NOTE
r-devel-linux-x86_64-fedora-gcc 0.1.2 116.14 NOTE
r-devel-windows-x86_64 0.1.2 21.00 75.00 96.00 NOTE
r-patched-linux-x86_64 0.1.2 17.82 36.13 53.95 NOTE
r-release-linux-x86_64 0.1.2 17.39 36.04 53.43 NOTE
r-release-macos-arm64 0.1.2 35.00 NOTE
r-release-macos-x86_64 0.1.2 60.00 NOTE
r-release-windows-x86_64 0.1.2 22.00 79.00 101.00 NOTE
r-oldrel-macos-arm64 0.1.2 35.00 NOTE
r-oldrel-macos-x86_64 0.1.2 49.00 NOTE
r-oldrel-windows-x86_64 0.1.2 22.00 90.00 112.00 NOTE

Check Details

Version: 0.1.2
Check: C++ specification
Result: NOTE Specified C++11: please drop specification unless essential Flavors: r-devel-linux-x86_64-debian-clang, r-devel-linux-x86_64-debian-gcc, r-devel-linux-x86_64-fedora-clang, r-devel-linux-x86_64-fedora-gcc, r-devel-windows-x86_64, r-patched-linux-x86_64, r-release-linux-x86_64, r-release-macos-arm64, r-release-macos-x86_64, r-release-windows-x86_64, r-oldrel-macos-arm64, r-oldrel-macos-x86_64, r-oldrel-windows-x86_64