CRAN Package Check Results for Package dgumbel

Last updated on 2025-07-24 13:49:12 CEST.

Flavor Version Tinstall Tcheck Ttotal Status Flags
r-devel-linux-x86_64-debian-clang 1.0.1 13.94 23.03 36.97 NOTE
r-devel-linux-x86_64-debian-gcc 1.0.1 11.44 19.74 31.18 NOTE
r-devel-linux-x86_64-fedora-clang 1.0.1 65.45 NOTE
r-devel-linux-x86_64-fedora-gcc 1.0.1 61.22 NOTE
r-devel-windows-x86_64 1.0.1 20.00 57.00 77.00 NOTE
r-patched-linux-x86_64 1.0.1 15.11 21.82 36.93 NOTE
r-release-linux-x86_64 1.0.1 14.17 21.54 35.71 NOTE
r-release-macos-arm64 1.0.1 23.00 NOTE
r-release-macos-x86_64 1.0.1 35.00 NOTE
r-release-windows-x86_64 1.0.1 20.00 61.00 81.00 NOTE
r-oldrel-macos-arm64 1.0.1 22.00 NOTE
r-oldrel-macos-x86_64 1.0.1 32.00 NOTE
r-oldrel-windows-x86_64 1.0.1 24.00 67.00 91.00 NOTE

Check Details

Version: 1.0.1
Check: C++ specification
Result: NOTE Specified C++11: please drop specification unless essential Flavors: r-devel-linux-x86_64-debian-clang, r-devel-linux-x86_64-debian-gcc, r-devel-linux-x86_64-fedora-clang, r-devel-linux-x86_64-fedora-gcc, r-devel-windows-x86_64, r-patched-linux-x86_64, r-release-linux-x86_64, r-release-macos-arm64, r-release-macos-x86_64, r-release-windows-x86_64, r-oldrel-macos-arm64, r-oldrel-macos-x86_64, r-oldrel-windows-x86_64