Last updated on 2025-07-22 09:50:31 CEST.
Flavor | Version | Tinstall | Tcheck | Ttotal | Status | Flags |
---|---|---|---|---|---|---|
r-devel-linux-x86_64-debian-clang | 1.2.1 | 107.62 | 61.30 | 168.92 | OK | |
r-devel-linux-x86_64-debian-gcc | 1.2.1 | 84.17 | 48.53 | 132.70 | OK | |
r-devel-linux-x86_64-fedora-clang | 1.2.1 | 323.17 | OK | |||
r-devel-linux-x86_64-fedora-gcc | 1.2.1 | 322.12 | OK | |||
r-devel-windows-x86_64 | 1.2.1 | 137.00 | 100.00 | 237.00 | OK | |
r-patched-linux-x86_64 | 1.2.1 | 120.03 | 57.19 | 177.22 | OK | |
r-release-linux-x86_64 | 1.2.1 | 117.65 | 58.08 | 175.73 | OK | |
r-release-macos-arm64 | 1.2.1 | 91.00 | OK | |||
r-release-macos-x86_64 | 1.2.1 | 143.00 | OK | |||
r-release-windows-x86_64 | 1.2.1 | 140.00 | 108.00 | 248.00 | OK | |
r-oldrel-macos-arm64 | 1.2.1 | 88.00 | NOTE | |||
r-oldrel-macos-x86_64 | 1.2.1 | 139.00 | NOTE | |||
r-oldrel-windows-x86_64 | 1.2.1 | 158.00 | 127.00 | 285.00 | NOTE |
Version: 1.2.1
Check: installed package size
Result: NOTE
installed size is 17.9Mb
sub-directories of 1Mb or more:
doc 3.2Mb
help 1.4Mb
libs 13.2Mb
Flavors: r-oldrel-macos-arm64, r-oldrel-macos-x86_64, r-oldrel-windows-x86_64