Last updated on 2025-05-25 04:50:16 CEST.
Flavor | Version | Tinstall | Tcheck | Ttotal | Status | Flags |
---|---|---|---|---|---|---|
r-devel-linux-x86_64-debian-clang | 0.1.1 | 1.95 | 24.34 | 26.29 | NOTE | |
r-devel-linux-x86_64-debian-gcc | 0.1.1 | 1.51 | 20.33 | 21.84 | NOTE | |
r-devel-linux-x86_64-fedora-clang | 0.1.1 | 42.10 | NOTE | |||
r-devel-linux-x86_64-fedora-gcc | 0.1.1 | 54.00 | NOTE | |||
r-devel-windows-x86_64 | 0.1.1 | 5.00 | 89.00 | 94.00 | OK | |
r-patched-linux-x86_64 | 0.1.1 | 1.88 | 23.33 | 25.21 | NOTE | |
r-release-linux-x86_64 | 0.1.1 | 1.83 | 23.68 | 25.51 | NOTE | |
r-release-macos-arm64 | 0.1.1 | 32.00 | OK | |||
r-release-macos-x86_64 | 0.1.1 | 43.00 | OK | |||
r-release-windows-x86_64 | 0.1.1 | 4.00 | 48.00 | 52.00 | OK | |
r-oldrel-macos-arm64 | 0.1.1 | 24.00 | OK | |||
r-oldrel-macos-x86_64 | 0.1.1 | 34.00 | OK | |||
r-oldrel-windows-x86_64 | 0.1.1 | 4.00 | 51.00 | 55.00 | OK |
Version: 0.1.1
Check: CRAN incoming feasibility
Result: NOTE
Maintainer: ‘Dania M. Rodriguez <dmrodz@gmail.com>’
Found the following URLs which should use \doi (with the DOI name only):
File ‘my.data.Rd’:
http://doi.org/10.5281/zenodo.439543
Flavors: r-devel-linux-x86_64-debian-clang, r-devel-linux-x86_64-debian-gcc
Version: 0.1.1
Check: for non-standard things in the check directory
Result: NOTE
Found the following files/directories:
‘my new data set.rds’
Flavors: r-devel-linux-x86_64-debian-clang, r-devel-linux-x86_64-debian-gcc, r-devel-linux-x86_64-fedora-clang, r-devel-linux-x86_64-fedora-gcc, r-patched-linux-x86_64, r-release-linux-x86_64