CRAN Package Check Results for Package cutoff

Last updated on 2025-05-28 09:52:52 CEST.

Flavor Version Tinstall Tcheck Ttotal Status Flags
r-devel-linux-x86_64-debian-clang 1.3 2.31 26.78 29.09 OK
r-devel-linux-x86_64-debian-gcc 1.3 1.94 19.78 21.72 OK
r-devel-linux-x86_64-fedora-clang 1.3 44.16 OK
r-devel-linux-x86_64-fedora-gcc 1.3 42.09 OK
r-devel-windows-x86_64 1.3 3.00 48.00 51.00 OK
r-patched-linux-x86_64 1.3 2.34 25.62 27.96 OK
r-release-linux-x86_64 1.3 2.33 25.34 27.67 OK
r-release-macos-arm64 1.3 20.00 OK
r-release-macos-x86_64 1.3 31.00 OK
r-release-windows-x86_64 1.3 6.00 51.00 57.00 OK
r-oldrel-macos-arm64 1.3 17.00 NOTE
r-oldrel-macos-x86_64 1.3 25.00 NOTE
r-oldrel-windows-x86_64 1.3 5.00 58.00 63.00 NOTE

Check Details

Version: 1.3
Check: LazyData
Result: NOTE 'LazyData' is specified without a 'data' directory Flavors: r-oldrel-macos-arm64, r-oldrel-macos-x86_64, r-oldrel-windows-x86_64