Last updated on 2025-05-27 23:51:48 CEST.
Flavor | Version | Tinstall | Tcheck | Ttotal | Status | Flags |
---|---|---|---|---|---|---|
r-devel-linux-x86_64-debian-clang | 1.0.1 | 31.14 | 448.79 | 479.93 | NOTE | |
r-devel-linux-x86_64-debian-gcc | 1.0.1 | 20.96 | 286.73 | 307.69 | NOTE | |
r-devel-linux-x86_64-fedora-clang | 1.0.1 | 836.00 | OK | |||
r-devel-linux-x86_64-fedora-gcc | 1.0.1 | 729.97 | OK | |||
r-devel-windows-x86_64 | 1.0.1 | 101.00 | 531.00 | 632.00 | NOTE | |
r-patched-linux-x86_64 | 1.0.1 | 29.64 | 431.68 | 461.32 | NOTE | |
r-release-linux-x86_64 | 1.0.1 | 28.61 | 427.55 | 456.16 | NOTE | |
r-release-macos-arm64 | 1.0.1 | 5.00 | ERROR | |||
r-release-macos-x86_64 | 1.0.1 | 497.00 | OK | |||
r-release-windows-x86_64 | 1.0.1 | 106.00 | 561.00 | 667.00 | NOTE | |
r-oldrel-macos-arm64 | 1.0.1 | 189.00 | OK | |||
r-oldrel-macos-x86_64 | 1.0.1 | 344.00 | OK | |||
r-oldrel-windows-x86_64 | 1.0.1 | 136.00 | 692.00 | 828.00 | OK |
Version: 1.0.1
Check: Rd cross-references
Result: NOTE
Found the following Rd file(s) with Rd \link{} targets missing package
anchors:
ctpm.fit.Rd: slouch, plot.variogram
variogram.Rd: plot.variogram
Please provide package anchors for all Rd \link{} targets not in the
package itself and the base packages.
Flavors: r-devel-linux-x86_64-debian-clang, r-devel-linux-x86_64-debian-gcc, r-devel-windows-x86_64, r-patched-linux-x86_64, r-release-linux-x86_64, r-release-windows-x86_64
Version: 1.0.1
Check: package dependencies
Result: ERROR
Package required but not available: ‘ctmm’
See section ‘The DESCRIPTION file’ in the ‘Writing R Extensions’
manual.
Flavor: r-release-macos-arm64