CRAN Package Check Results for Package cspp

Last updated on 2025-07-16 04:50:08 CEST.

Flavor Version Tinstall Tcheck Ttotal Status Flags
r-devel-linux-x86_64-debian-clang 0.3.3 6.92 76.59 83.51 NOTE
r-devel-linux-x86_64-debian-gcc 0.3.3 4.79 60.25 65.04 NOTE
r-devel-linux-x86_64-fedora-clang 0.3.3 125.27 OK
r-devel-linux-x86_64-fedora-gcc 0.3.3 127.97 OK
r-devel-windows-x86_64 0.3.3 7.00 93.00 100.00 OK
r-patched-linux-x86_64 0.3.3 6.19 71.74 77.93 OK
r-release-linux-x86_64 0.3.3 6.41 71.79 78.20 OK
r-release-macos-arm64 0.3.3 45.00 OK
r-release-macos-x86_64 0.3.3 84.00 OK
r-release-windows-x86_64 0.3.3 8.00 100.00 108.00 OK
r-oldrel-macos-arm64 0.3.3 42.00 OK
r-oldrel-macos-x86_64 0.3.3 64.00 OK
r-oldrel-windows-x86_64 0.3.3 12.00 106.00 118.00 OK

Check Details

Version: 0.3.3
Check: CRAN incoming feasibility
Result: NOTE Maintainer: ‘Caleb Lucas <calebjlucas@gmail.com>’ No Authors@R field in DESCRIPTION. Please add one, modifying Authors@R: c(person(given = "Caleb", family = "Lucas", role = c("aut", "cre"), email = "calebjlucas@gmail.com", comment = "https://caleblucas.com/"), person(given = "Joshua", family = "McCrain", role = "aut", comment = "http://joshuamccrain.com/")) as necessary. Flavors: r-devel-linux-x86_64-debian-clang, r-devel-linux-x86_64-debian-gcc