CRAN Package Check Results for Package crosstalk

Last updated on 2025-05-29 04:50:16 CEST.

Flavor Version Tinstall Tcheck Ttotal Status Flags
r-devel-linux-x86_64-debian-clang 1.2.1 3.59 29.30 32.89 NOTE
r-devel-linux-x86_64-debian-gcc 1.2.1 3.20 22.91 26.11 NOTE
r-devel-linux-x86_64-fedora-clang 1.2.1 50.83 OK
r-devel-linux-x86_64-fedora-gcc 1.2.1 47.42 OK
r-devel-windows-x86_64 1.2.1 5.00 52.00 57.00 NOTE
r-patched-linux-x86_64 1.2.1 4.15 27.63 31.78 NOTE
r-release-linux-x86_64 1.2.1 3.99 28.02 32.01 NOTE
r-release-macos-arm64 1.2.1 22.00 OK
r-release-macos-x86_64 1.2.1 42.00 OK
r-release-windows-x86_64 1.2.1 5.00 51.00 56.00 NOTE
r-oldrel-macos-arm64 1.2.1 21.00 OK
r-oldrel-macos-x86_64 1.2.1 45.00 OK
r-oldrel-windows-x86_64 1.2.1 7.00 57.00 64.00 OK

Check Details

Version: 1.2.1
Check: Rd cross-references
Result: NOTE Found the following Rd file(s) with Rd \link{} targets missing package anchors: filter_slider.Rd: tag, HTML Please provide package anchors for all Rd \link{} targets not in the package itself and the base packages. Flavors: r-devel-linux-x86_64-debian-clang, r-devel-linux-x86_64-debian-gcc, r-devel-windows-x86_64, r-patched-linux-x86_64, r-release-linux-x86_64, r-release-windows-x86_64