CRAN Package Check Results for Package cropgrowdays

Last updated on 2025-05-28 17:57:19 CEST.

Flavor Version Tinstall Tcheck Ttotal Status Flags
r-devel-linux-x86_64-debian-clang 0.2.1 5.74 64.65 70.39 NOTE
r-devel-linux-x86_64-debian-gcc 0.2.1 4.35 47.09 51.44 NOTE
r-devel-linux-x86_64-fedora-clang 0.2.1 105.78 OK
r-devel-linux-x86_64-fedora-gcc 0.2.1 110.20 OK
r-devel-windows-x86_64 0.2.1 8.00 83.00 91.00 NOTE
r-patched-linux-x86_64 0.2.1 5.79 59.62 65.41 NOTE
r-release-linux-x86_64 0.2.1 5.12 59.22 64.34 NOTE
r-release-macos-arm64 0.2.1 42.00 OK
r-release-macos-x86_64 0.2.1 73.00 OK
r-release-windows-x86_64 0.2.1 7.00 80.00 87.00 NOTE
r-oldrel-macos-arm64 0.2.1 38.00 OK
r-oldrel-macos-x86_64 0.2.1 59.00 OK
r-oldrel-windows-x86_64 0.2.1 10.00 95.00 105.00 OK

Check Details

Version: 0.2.1
Check: Rd cross-references
Result: NOTE Found the following Rd file(s) with Rd \link{} targets missing package anchors: get_multi_silodata.Rd: tibble Please provide package anchors for all Rd \link{} targets not in the package itself and the base packages. Flavors: r-devel-linux-x86_64-debian-clang, r-devel-linux-x86_64-debian-gcc, r-devel-windows-x86_64, r-patched-linux-x86_64, r-release-linux-x86_64, r-release-windows-x86_64