Last updated on 2025-07-28 13:49:29 CEST.
Flavor | Version | Tinstall | Tcheck | Ttotal | Status | Flags |
---|---|---|---|---|---|---|
r-devel-linux-x86_64-debian-clang | 0.5.2 | 100.69 | 36.33 | 137.02 | OK | |
r-devel-linux-x86_64-debian-gcc | 0.5.2 | 87.41 | 36.51 | 123.92 | OK | |
r-devel-linux-x86_64-fedora-clang | 0.5.2 | 235.27 | OK | |||
r-devel-linux-x86_64-fedora-gcc | 0.5.2 | 264.51 | OK | |||
r-devel-windows-x86_64 | 0.5.2 | 106.00 | 98.00 | 204.00 | OK | |
r-patched-linux-x86_64 | 0.5.2 | 104.99 | 46.50 | 151.49 | OK | |
r-release-linux-x86_64 | 0.5.2 | 113.40 | 46.15 | 159.55 | OK | |
r-release-macos-arm64 | 0.5.2 | 65.00 | OK | |||
r-release-macos-x86_64 | 0.5.2 | 114.00 | OK | |||
r-release-windows-x86_64 | 0.5.2 | 105.00 | 86.00 | 191.00 | OK | |
r-oldrel-macos-arm64 | 0.5.2 | 40.00 | NOTE | |||
r-oldrel-macos-x86_64 | 0.5.2 | 62.00 | NOTE | |||
r-oldrel-windows-x86_64 | 0.5.2 | 127.00 | 101.00 | 228.00 | OK |
Version: 0.5.2
Check: installed package size
Result: NOTE
installed size is 50.2Mb
sub-directories of 1Mb or more:
libs 50.1Mb
Flavors: r-oldrel-macos-arm64, r-oldrel-macos-x86_64