Last updated on 2025-05-25 04:50:15 CEST.
Flavor | Version | Tinstall | Tcheck | Ttotal | Status | Flags |
---|---|---|---|---|---|---|
r-devel-linux-x86_64-debian-clang | 0.7.4 | 7.96 | 138.18 | 146.14 | OK | |
r-devel-linux-x86_64-debian-gcc | 0.7.4 | 4.68 | 88.66 | 93.34 | OK | |
r-devel-linux-x86_64-fedora-clang | 0.7.4 | 228.25 | OK | |||
r-devel-linux-x86_64-fedora-gcc | 0.7.4 | 238.56 | OK | |||
r-devel-windows-x86_64 | 0.7.4 | 10.00 | 197.00 | 207.00 | OK | |
r-patched-linux-x86_64 | 0.7.4 | 7.17 | 128.07 | 135.24 | OK | |
r-release-linux-x86_64 | 0.7.4 | 7.47 | 125.43 | 132.90 | OK | |
r-release-macos-arm64 | 0.7.4 | 71.00 | OK | |||
r-release-macos-x86_64 | 0.7.4 | 159.00 | OK | |||
r-release-windows-x86_64 | 0.7.4 | 8.00 | 157.00 | 165.00 | OK | |
r-oldrel-macos-arm64 | 0.7.4 | 84.00 | NOTE | |||
r-oldrel-macos-x86_64 | 0.7.4 | 116.00 | NOTE | |||
r-oldrel-windows-x86_64 | 0.7.4 | 10.00 | 198.00 | 208.00 | NOTE |
Version: 0.7.4
Check: installed package size
Result: NOTE
installed size is 18.0Mb
sub-directories of 1Mb or more:
extdata 17.7Mb
Flavors: r-oldrel-macos-arm64, r-oldrel-macos-x86_64, r-oldrel-windows-x86_64