Last updated on 2025-05-25 09:49:40 CEST.
Flavor | Version | Tinstall | Tcheck | Ttotal | Status | Flags |
---|---|---|---|---|---|---|
r-devel-linux-x86_64-debian-clang | 1.2.0 | 16.74 | 132.41 | 149.15 | NOTE | |
r-devel-linux-x86_64-debian-gcc | 1.2.0 | 12.28 | 94.99 | 107.27 | NOTE | |
r-devel-linux-x86_64-fedora-clang | 1.2.0 | 234.22 | OK | |||
r-devel-linux-x86_64-fedora-gcc | 1.2.0 | 237.74 | OK | |||
r-devel-windows-x86_64 | 1.2.0 | 17.00 | 126.00 | 143.00 | OK | |
r-patched-linux-x86_64 | 1.2.0 | 13.59 | 126.64 | 140.23 | OK | |
r-release-linux-x86_64 | 1.2.0 | 16.56 | 124.25 | 140.81 | OK | |
r-release-macos-arm64 | 1.2.0 | 82.00 | OK | |||
r-release-macos-x86_64 | 1.2.0 | 142.00 | OK | |||
r-release-windows-x86_64 | 1.2.0 | 17.00 | 127.00 | 144.00 | OK | |
r-oldrel-macos-arm64 | 1.2.0 | 69.00 | OK | |||
r-oldrel-macos-x86_64 | 1.2.0 | 106.00 | OK | |||
r-oldrel-windows-x86_64 | 1.2.0 | 22.00 | 160.00 | 182.00 | OK |
Version: 1.2.0
Check: CRAN incoming feasibility
Result: NOTE
Maintainer: ‘Lei Yang <leiyangslu@gmail.com>’
No Authors@R field in DESCRIPTION.
Please add one, modifying
Authors@R: person(given = "Lei",
family = "Yang",
role = c("aut", "cre"),
email = "leiyangslu@gmail.com")
as necessary.
Flavors: r-devel-linux-x86_64-debian-clang, r-devel-linux-x86_64-debian-gcc