Last updated on 2025-07-22 04:50:00 CEST.
Flavor | Version | Tinstall | Tcheck | Ttotal | Status | Flags |
---|---|---|---|---|---|---|
r-devel-linux-x86_64-debian-clang | 1.0.0 | 2.54 | 39.85 | 42.39 | NOTE | |
r-devel-linux-x86_64-debian-gcc | 1.0.0 | 2.18 | 31.12 | 33.30 | NOTE | |
r-devel-linux-x86_64-fedora-clang | 1.0.0 | 69.83 | NOTE | |||
r-devel-linux-x86_64-fedora-gcc | 1.0.0 | 77.75 | NOTE | |||
r-devel-windows-x86_64 | 1.0.0 | 5.00 | 61.00 | 66.00 | NOTE | |
r-patched-linux-x86_64 | 1.0.0 | 2.54 | 36.98 | 39.52 | NOTE | |
r-release-linux-x86_64 | 1.0.0 | 3.01 | 36.78 | 39.79 | NOTE | |
r-release-macos-arm64 | 1.0.0 | 41.00 | NOTE | |||
r-release-macos-x86_64 | 1.0.0 | 54.00 | NOTE | |||
r-release-windows-x86_64 | 1.0.0 | 4.00 | 63.00 | 67.00 | NOTE | |
r-oldrel-macos-arm64 | 1.0.0 | 33.00 | OK | |||
r-oldrel-macos-x86_64 | 1.0.0 | 78.00 | OK | |||
r-oldrel-windows-x86_64 | 1.0.0 | 6.00 | 71.00 | 77.00 | OK |
Version: 1.0.0
Check: DESCRIPTION meta-information
Result: NOTE
Missing dependency on R >= 4.1.0 because package code uses the pipe
|> or function shorthand \(...) syntax added in R 4.1.0.
File(s) using such syntax:
‘api-get_datalog.R’ ‘api-get_device.R’ ‘api-get_devices.R’
‘api-get_element.R’ ‘api-get_elements.R’ ‘api-get_project.R’
‘api-get_projects.R’ ‘api-get_users_me.R’ ‘client.R’
Flavors: r-devel-linux-x86_64-debian-clang, r-devel-linux-x86_64-debian-gcc, r-devel-linux-x86_64-fedora-clang, r-devel-linux-x86_64-fedora-gcc, r-devel-windows-x86_64, r-patched-linux-x86_64, r-release-linux-x86_64, r-release-macos-arm64, r-release-macos-x86_64, r-release-windows-x86_64