CRAN Package Check Results for Package conformalInference.fd

Last updated on 2025-07-28 13:49:29 CEST.

Flavor Version Tinstall Tcheck Ttotal Status Flags
r-devel-linux-x86_64-debian-clang 1.1.1 3.36 32.39 35.75 NOTE
r-devel-linux-x86_64-debian-gcc 1.1.1 2.10 25.09 27.19 NOTE
r-devel-linux-x86_64-fedora-clang 1.1.1 55.65 OK
r-devel-linux-x86_64-fedora-gcc 1.1.1 50.71 OK
r-devel-windows-x86_64 1.1.1 5.00 73.00 78.00 OK
r-patched-linux-x86_64 1.1.1 3.03 30.21 33.24 OK
r-release-linux-x86_64 1.1.1 3.05 30.26 33.31 OK
r-release-macos-arm64 1.1.1 22.00 OK
r-release-macos-x86_64 1.1.1 36.00 OK
r-release-windows-x86_64 1.1.1 5.00 59.00 64.00 OK
r-oldrel-macos-arm64 1.1.1 24.00 OK
r-oldrel-macos-x86_64 1.1.1 38.00 OK
r-oldrel-windows-x86_64 1.1.1 7.00 64.00 71.00 OK

Check Details

Version: 1.1.1
Check: CRAN incoming feasibility
Result: NOTE Maintainer: ‘Paolo Vergottini <paolo.vergottini@gmail.com>’ The Description field contains Fontana, and Vantini (2021) <arXiv:2102.06746>, Diquigiovanni, Fontana, and Vantini (2021) <arXiv:2106.01792>, Solari, and Djordjilovic (2021) <arXiv:2103.00627>. Please refer to arXiv e-prints via their arXiv DOI <doi:10.48550/arXiv.YYMM.NNNNN>. Flavors: r-devel-linux-x86_64-debian-clang, r-devel-linux-x86_64-debian-gcc