Last updated on 2025-05-24 04:49:10 CEST.
Flavor | Version | Tinstall | Tcheck | Ttotal | Status | Flags |
---|---|---|---|---|---|---|
r-devel-linux-x86_64-debian-clang | 0.1.5 | 5.01 | 31.64 | 36.65 | NOTE | |
r-devel-linux-x86_64-debian-gcc | 0.1.5 | 3.50 | 24.47 | 27.97 | NOTE | |
r-devel-linux-x86_64-fedora-clang | 0.1.5 | 58.37 | NOTE | |||
r-devel-linux-x86_64-fedora-gcc | 0.1.5 | 54.09 | NOTE | |||
r-devel-windows-x86_64 | 0.1.5 | 11.00 | 84.00 | 95.00 | OK | |
r-patched-linux-x86_64 | 0.1.5 | 4.09 | 30.41 | 34.50 | NOTE | |
r-release-linux-x86_64 | 0.1.5 | 4.75 | 30.06 | 34.81 | NOTE | |
r-release-macos-arm64 | 0.1.5 | 26.00 | OK | |||
r-release-macos-x86_64 | 0.1.5 | 43.00 | OK | |||
r-release-windows-x86_64 | 0.1.5 | 9.00 | 69.00 | 78.00 | OK | |
r-oldrel-macos-arm64 | 0.1.5 | 22.00 | OK | |||
r-oldrel-macos-x86_64 | 0.1.5 | 34.00 | OK | |||
r-oldrel-windows-x86_64 | 0.1.5 | 10.00 | 57.00 | 67.00 | OK |
Version: 0.1.5
Check: for non-standard things in the check directory
Result: NOTE
Found the following files/directories:
‘cometExactTest_plot.pdf’
Flavors: r-devel-linux-x86_64-debian-clang, r-devel-linux-x86_64-debian-gcc, r-devel-linux-x86_64-fedora-clang, r-devel-linux-x86_64-fedora-gcc, r-patched-linux-x86_64, r-release-linux-x86_64