CRAN Package Check Results for Package colourvalues

Last updated on 2025-07-16 04:50:08 CEST.

Flavor Version Tinstall Tcheck Ttotal Status Flags
r-devel-linux-x86_64-debian-clang 0.3.9 50.43 33.64 84.07 NOTE
r-devel-linux-x86_64-debian-gcc 0.3.9 39.74 26.21 65.95 NOTE
r-devel-linux-x86_64-fedora-clang 0.3.9 141.74 NOTE
r-devel-linux-x86_64-fedora-gcc 0.3.9 154.73 NOTE
r-devel-windows-x86_64 0.3.9 63.00 82.00 145.00 NOTE
r-patched-linux-x86_64 0.3.9 56.92 30.47 87.39 NOTE
r-release-linux-x86_64 0.3.9 55.69 30.80 86.49 NOTE
r-release-macos-arm64 0.3.9 39.00 NOTE
r-release-macos-x86_64 0.3.9 56.00 NOTE
r-release-windows-x86_64 0.3.9 64.00 98.00 162.00 NOTE
r-oldrel-macos-arm64 0.3.9 38.00 NOTE
r-oldrel-macos-x86_64 0.3.9 52.00 NOTE
r-oldrel-windows-x86_64 0.3.9 61.00 95.00 156.00 NOTE

Check Details

Version: 0.3.9
Check: Rd files
Result: NOTE checkRd: (-1) colour_values.Rd:143: Lost braces in \itemize; meant \describe ? checkRd: (-1) colour_values.Rd:144: Lost braces in \itemize; meant \describe ? checkRd: (-1) colour_values_rgb.Rd:143: Lost braces in \itemize; meant \describe ? checkRd: (-1) colour_values_rgb.Rd:144: Lost braces in \itemize; meant \describe ? Flavors: r-devel-linux-x86_64-debian-clang, r-devel-linux-x86_64-debian-gcc, r-devel-linux-x86_64-fedora-clang, r-devel-linux-x86_64-fedora-gcc, r-devel-windows-x86_64, r-patched-linux-x86_64, r-release-linux-x86_64, r-release-macos-arm64, r-release-macos-x86_64, r-release-windows-x86_64, r-oldrel-macos-arm64, r-oldrel-macos-x86_64, r-oldrel-windows-x86_64

Version: 0.3.9
Check: installed package size
Result: NOTE installed size is 7.0Mb sub-directories of 1Mb or more: libs 5.7Mb Flavors: r-oldrel-macos-arm64, r-oldrel-macos-x86_64