CRAN Package Check Results for Package collapse

Last updated on 2025-05-25 23:49:27 CEST.

Flavor Version Tinstall Tcheck Ttotal Status Flags
r-devel-linux-x86_64-debian-clang 2.1.1 205.53 388.67 594.20 OK
r-devel-linux-x86_64-debian-gcc 2.1.1 149.47 254.04 403.51 OK
r-devel-linux-x86_64-fedora-clang 2.1.2 988.06 OK
r-devel-linux-x86_64-fedora-gcc 2.1.1 1067.28 OK
r-devel-windows-x86_64 2.1.2 186.00 455.00 641.00 OK
r-patched-linux-x86_64 2.1.1 194.98 370.05 565.03 OK
r-release-linux-x86_64 2.1.1 191.42 368.14 559.56 OK
r-release-macos-arm64 2.1.2 283.00 OK
r-release-macos-x86_64 2.1.2 568.00 ERROR
r-release-windows-x86_64 2.1.1 198.00 456.00 654.00 OK
r-oldrel-macos-arm64 2.1.2 278.00 NOTE
r-oldrel-macos-x86_64 2.1.2 549.00 NOTE
r-oldrel-windows-x86_64 2.1.1 206.00 555.00 761.00 NOTE

Check Details

Version: 2.1.2
Check: whether package can be installed
Result: ERROR Installation failed. Flavor: r-release-macos-x86_64

Version: 2.1.2
Check: installed package size
Result: NOTE installed size is 23.3Mb sub-directories of 1Mb or more: R 2.1Mb libs 19.2Mb Flavors: r-oldrel-macos-arm64, r-oldrel-macos-x86_64

Version: 2.1.1
Check: installed package size
Result: NOTE installed size is 5.9Mb sub-directories of 1Mb or more: R 1.1Mb libs 2.8Mb Flavor: r-oldrel-windows-x86_64