Last updated on 2025-05-28 09:52:51 CEST.
Flavor | Version | Tinstall | Tcheck | Ttotal | Status | Flags |
---|---|---|---|---|---|---|
r-devel-linux-x86_64-debian-clang | 1.1.0 | 2.99 | 80.39 | 83.38 | NOTE | |
r-devel-linux-x86_64-debian-gcc | 1.1.0 | 2.12 | 54.33 | 56.45 | NOTE | |
r-devel-linux-x86_64-fedora-clang | 1.1.0 | 128.06 | NOTE | |||
r-devel-linux-x86_64-fedora-gcc | 1.1.0 | 137.14 | NOTE | |||
r-devel-windows-x86_64 | 1.1.0 | 5.00 | 101.00 | 106.00 | OK | |
r-patched-linux-x86_64 | 1.1.0 | 3.29 | 75.38 | 78.67 | OK | |
r-release-linux-x86_64 | 1.1.0 | 2.75 | 75.80 | 78.55 | OK | |
r-release-macos-arm64 | 1.1.0 | 51.00 | OK | |||
r-release-macos-x86_64 | 1.1.0 | 111.00 | OK | |||
r-release-windows-x86_64 | 1.1.0 | 5.00 | 110.00 | 115.00 | OK | |
r-oldrel-macos-arm64 | 1.1.0 | 54.00 | NOTE | |||
r-oldrel-macos-x86_64 | 1.1.0 | 80.00 | NOTE | |||
r-oldrel-windows-x86_64 | 1.1.0 | 6.00 | 138.00 | 144.00 | NOTE |
Version: 1.1.0
Check: CRAN incoming feasibility
Result: NOTE
Maintainer: ‘Alessandra Cabassi <alessandra.cabassi@mrc-bsu.cam.ac.uk>’
Package CITATION file contains call(s) to old-style personList() or
as.personList(). Please use c() on person objects instead.
Package CITATION file contains call(s) to old-style citEntry(). Please
use bibentry() instead.
Flavors: r-devel-linux-x86_64-debian-clang, r-devel-linux-x86_64-debian-gcc
Version: 1.1.0
Check: dependencies in R code
Result: NOTE
Namespaces in Imports field not imported from:
‘Matrix’ ‘nnet’
All declared Imports should be used.
Flavors: r-devel-linux-x86_64-fedora-clang, r-devel-linux-x86_64-fedora-gcc
Version: 1.1.0
Check: LazyData
Result: NOTE
'LazyData' is specified without a 'data' directory
Flavors: r-oldrel-macos-arm64, r-oldrel-macos-x86_64, r-oldrel-windows-x86_64