Last updated on 2025-05-24 23:50:06 CEST.
Flavor | Version | Tinstall | Tcheck | Ttotal | Status | Flags |
---|---|---|---|---|---|---|
r-devel-linux-x86_64-debian-clang | 0.1.0 | 192.28 | 1263.58 | 1455.86 | OK | |
r-devel-linux-x86_64-debian-gcc | 0.1.0 | 168.64 | 895.21 | 1063.85 | OK | |
r-devel-linux-x86_64-fedora-clang | 0.1.0 | 906.82 | ERROR | |||
r-devel-linux-x86_64-fedora-gcc | 0.1.0 | 1055.04 | ERROR | |||
r-devel-windows-x86_64 | 0.1.0 | 201.00 | 736.00 | 937.00 | OK | |
r-patched-linux-x86_64 | 0.1.0 | 214.60 | 1320.29 | 1534.89 | OK | |
r-release-linux-x86_64 | 0.1.0 | 213.12 | 1325.75 | 1538.87 | OK | |
r-release-macos-arm64 | 0.1.0 | 358.00 | OK | |||
r-release-macos-x86_64 | 0.1.0 | 689.00 | OK | |||
r-release-windows-x86_64 | 0.1.0 | 195.00 | 706.00 | 901.00 | OK | |
r-oldrel-macos-arm64 | 0.1.0 | 309.00 | NOTE | |||
r-oldrel-macos-x86_64 | 0.1.0 | 485.00 | NOTE | |||
r-oldrel-windows-x86_64 | 0.1.0 | 236.00 | 775.00 | 1011.00 | OK |
Version: 0.1.0
Check: re-building of vignette outputs
Result: ERROR
Error(s) in re-building vignettes:
--- re-building ‘CovarianceStructure.Rmd’ using rmarkdown
--- finished re-building ‘CovarianceStructure.Rmd’
Warning: elapsed-time limit of 1 hours reached for sub-process
--- re-building ‘SpatialExMeuseData.Rmd’ using rmarkdown
OMP: Warning #96: Cannot form a team with 24 threads, using 2 instead.
OMP: Hint Consider unsetting KMP_DEVICE_THREAD_LIMIT (KMP_ALL_THREADS), KMP_TEAMS_THREAD_LIMIT, and OMP_THREAD_LIMIT (if any are set).
SUMMARY: processing the following file failed:
‘SpatialExMeuseData.Rmd’
Error: Vignette re-building failed.
Execution halted
Flavor: r-devel-linux-x86_64-fedora-clang
Version: 0.1.0
Check: re-building of vignette outputs
Result: ERROR
Error(s) in re-building vignettes:
--- re-building ‘CovarianceStructure.Rmd’ using rmarkdown
--- finished re-building ‘CovarianceStructure.Rmd’
Warning: elapsed-time limit of 1 hours reached for sub-process
--- re-building ‘SpatialExMeuseData.Rmd’ using rmarkdown
SUMMARY: processing the following file failed:
‘SpatialExMeuseData.Rmd’
Error: Vignette re-building failed.
Execution halted
Flavor: r-devel-linux-x86_64-fedora-gcc
Version: 0.1.0
Check: installed package size
Result: NOTE
installed size is 84.4Mb
sub-directories of 1Mb or more:
libs 83.9Mb
Flavors: r-oldrel-macos-arm64, r-oldrel-macos-x86_64