Last updated on 2025-05-29 17:58:53 CEST.
Flavor | Version | Tinstall | Tcheck | Ttotal | Status | Flags |
---|---|---|---|---|---|---|
r-devel-linux-x86_64-debian-clang | 0.2.3 | 4.56 | 126.91 | 131.47 | OK | |
r-devel-linux-x86_64-debian-gcc | 0.2.3 | 4.34 | 97.59 | 101.93 | OK | |
r-devel-linux-x86_64-fedora-clang | 0.2.3 | 202.75 | OK | |||
r-devel-linux-x86_64-fedora-gcc | 0.2.3 | 222.09 | OK | |||
r-devel-windows-x86_64 | 0.2.3 | 8.00 | 129.00 | 137.00 | OK | |
r-patched-linux-x86_64 | 0.2.3 | 6.03 | 121.53 | 127.56 | OK | |
r-release-linux-x86_64 | 0.2.3 | 5.26 | 121.18 | 126.44 | OK | |
r-release-macos-arm64 | 0.2.3 | 5.00 | ERROR | |||
r-release-macos-x86_64 | 0.2.3 | 7.00 | ERROR | |||
r-release-windows-x86_64 | 0.2.3 | 11.00 | 130.00 | 141.00 | OK | |
r-oldrel-macos-arm64 | 0.2.3 | 10.00 | ERROR | |||
r-oldrel-macos-x86_64 | 0.2.3 | 14.00 | ERROR | |||
r-oldrel-windows-x86_64 | 0.2.3 | 11.00 | 168.00 | 179.00 | OK |
Version: 0.2.3
Check: package dependencies
Result: ERROR
Packages required but not available:
'ChIPseeker', 'TxDb.Hsapiens.UCSC.hg38.knownGene',
'TxDb.Hsapiens.UCSC.hg19.knownGene',
'TxDb.Mmusculus.UCSC.mm10.knownGene'
See section ‘The DESCRIPTION file’ in the ‘Writing R Extensions’
manual.
Flavors: r-release-macos-arm64, r-release-macos-x86_64, r-oldrel-macos-x86_64
Version: 0.2.3
Check: package dependencies
Result: ERROR
Packages required but not available:
'TxDb.Hsapiens.UCSC.hg38.knownGene',
'TxDb.Hsapiens.UCSC.hg19.knownGene',
'TxDb.Mmusculus.UCSC.mm10.knownGene'
See section ‘The DESCRIPTION file’ in the ‘Writing R Extensions’
manual.
Flavor: r-oldrel-macos-arm64