CRAN Package Check Results for Package chess

Last updated on 2025-05-29 04:50:15 CEST.

Flavor Version Tinstall Tcheck Ttotal Status Flags
r-devel-linux-x86_64-debian-clang 1.0.1 6.36 71.30 77.66 OK
r-devel-linux-x86_64-debian-gcc 1.0.1 4.20 54.77 58.97 OK
r-devel-linux-x86_64-fedora-clang 1.0.1 120.26 OK
r-devel-linux-x86_64-fedora-gcc 1.0.1 128.40 OK
r-devel-windows-x86_64 1.0.1 9.00 115.00 124.00 OK
r-patched-linux-x86_64 1.0.1 6.62 67.66 74.28 OK
r-release-linux-x86_64 1.0.1 5.82 67.98 73.80 OK
r-release-macos-arm64 1.0.1 55.00 OK
r-release-macos-x86_64 1.0.1 106.00 OK
r-release-windows-x86_64 1.0.1 8.00 125.00 133.00 OK
r-oldrel-macos-arm64 1.0.1 45.00 NOTE
r-oldrel-macos-x86_64 1.0.1 64.00 NOTE
r-oldrel-windows-x86_64 1.0.1 11.00 111.00 122.00 NOTE

Check Details

Version: 1.0.1
Check: LazyData
Result: NOTE 'LazyData' is specified without a 'data' directory Flavors: r-oldrel-macos-arm64, r-oldrel-macos-x86_64, r-oldrel-windows-x86_64