Last updated on 2025-07-21 23:50:34 CEST.
Flavor | Version | Tinstall | Tcheck | Ttotal | Status | Flags |
---|---|---|---|---|---|---|
r-devel-linux-x86_64-debian-clang | 0.2.0 | 3.31 | 50.04 | 53.35 | OK | |
r-devel-linux-x86_64-debian-gcc | 0.2.0 | 2.86 | 38.28 | 41.14 | OK | |
r-devel-linux-x86_64-fedora-clang | 0.2.0 | 83.44 | OK | |||
r-devel-linux-x86_64-fedora-gcc | 0.2.0 | 93.30 | OK | |||
r-devel-windows-x86_64 | 0.2.0 | 7.00 | 66.00 | 73.00 | OK | |
r-patched-linux-x86_64 | 0.2.0 | 3.87 | 45.70 | 49.57 | OK | |
r-release-linux-x86_64 | 0.2.0 | 2.86 | 46.50 | 49.36 | OK | |
r-release-macos-arm64 | 0.2.0 | 38.00 | OK | |||
r-release-macos-x86_64 | 0.2.0 | 95.00 | OK | |||
r-release-windows-x86_64 | 0.2.0 | 5.00 | 66.00 | 71.00 | OK | |
r-oldrel-macos-arm64 | 0.2.0 | 36.00 | NOTE | |||
r-oldrel-macos-x86_64 | 0.2.0 | 65.00 | NOTE | |||
r-oldrel-windows-x86_64 | 0.2.0 | 8.00 | 84.00 | 92.00 | NOTE |
Version: 0.2.0
Check: installed package size
Result: NOTE
installed size is 7.0Mb
sub-directories of 1Mb or more:
doc 3.7Mb
htmlwidgets 2.8Mb
Flavors: r-oldrel-macos-arm64, r-oldrel-macos-x86_64, r-oldrel-windows-x86_64