CRAN Package Check Results for Package cft

Last updated on 2025-07-22 17:50:29 CEST.

Flavor Version Tinstall Tcheck Ttotal Status Flags
r-devel-linux-x86_64-debian-clang 1.0.0 8.49 61.69 70.18 NOTE
r-devel-linux-x86_64-debian-gcc 1.0.0 6.20 46.02 52.22 NOTE
r-devel-linux-x86_64-fedora-clang 1.0.0 106.96 OK
r-devel-linux-x86_64-fedora-gcc 1.0.0 122.76 OK
r-devel-windows-x86_64 1.0.0 10.00 68.00 78.00 OK
r-patched-linux-x86_64 1.0.0 6.95 57.04 63.99 OK
r-release-linux-x86_64 1.0.0 6.43 57.00 63.43 OK
r-release-macos-arm64 1.0.0 39.00 OK
r-release-macos-x86_64 1.0.0 76.00 OK
r-release-windows-x86_64 1.0.0 10.00 69.00 79.00 OK
r-oldrel-macos-arm64 1.0.0 43.00 OK
r-oldrel-macos-x86_64 1.0.0 60.00 OK
r-oldrel-windows-x86_64 1.0.0 12.00 90.00 102.00 OK

Check Details

Version: 1.0.0
Check: CRAN incoming feasibility
Result: NOTE Maintainer: ‘Erick Verleye <erve3705@colorado.edu>’ Package CITATION file contains call(s) to old-style personList() or as.personList(). Please use c() on person objects instead. Package CITATION file contains call(s) to old-style citEntry(). Please use bibentry() instead. Flavors: r-devel-linux-x86_64-debian-clang, r-devel-linux-x86_64-debian-gcc