Last updated on 2025-07-16 04:50:07 CEST.
Flavor | Version | Tinstall | Tcheck | Ttotal | Status | Flags |
---|---|---|---|---|---|---|
r-devel-linux-x86_64-debian-clang | 0.9.1 | 9.15 | 71.53 | 80.68 | NOTE | |
r-devel-linux-x86_64-debian-gcc | 0.9.1 | 6.30 | 51.32 | 57.62 | NOTE | |
r-devel-linux-x86_64-fedora-clang | 0.9.1 | 124.83 | NOTE | |||
r-devel-linux-x86_64-fedora-gcc | 0.9.1 | 124.08 | NOTE | |||
r-devel-windows-x86_64 | 0.9.1 | 10.00 | 84.00 | 94.00 | NOTE | |
r-patched-linux-x86_64 | 0.9.1 | 9.82 | 68.33 | 78.15 | NOTE | |
r-release-linux-x86_64 | 0.9.1 | 8.98 | 67.67 | 76.65 | NOTE | |
r-release-macos-arm64 | 0.9.1 | 39.00 | NOTE | |||
r-release-macos-x86_64 | 0.9.1 | 104.00 | NOTE | |||
r-release-windows-x86_64 | 0.9.1 | 10.00 | 89.00 | 99.00 | NOTE | |
r-oldrel-macos-arm64 | 0.9.1 | 34.00 | NOTE | |||
r-oldrel-macos-x86_64 | 0.9.1 | 88.00 | NOTE | |||
r-oldrel-windows-x86_64 | 0.9.1 | 12.00 | 105.00 | 117.00 | NOTE |
Version: 0.9.1
Check: Rd files
Result: NOTE
checkRd: (-1) tpcExample.Rd:30: Escaped LaTeX specials: \&
Flavors: r-devel-linux-x86_64-debian-clang, r-devel-linux-x86_64-debian-gcc, r-devel-linux-x86_64-fedora-clang, r-devel-linux-x86_64-fedora-gcc, r-devel-windows-x86_64, r-patched-linux-x86_64, r-release-linux-x86_64, r-release-macos-arm64, r-release-macos-x86_64, r-release-windows-x86_64, r-oldrel-macos-arm64, r-oldrel-macos-x86_64, r-oldrel-windows-x86_64