Last updated on 2025-05-28 04:52:11 CEST.
Flavor | Version | Tinstall | Tcheck | Ttotal | Status | Flags |
---|---|---|---|---|---|---|
r-devel-linux-x86_64-debian-clang | 1.8.3 | 119.04 | 170.84 | 289.88 | OK | |
r-devel-linux-x86_64-debian-gcc | 1.8.3 | 97.49 | 115.80 | 213.29 | OK | |
r-devel-linux-x86_64-fedora-clang | 1.8.3 | 439.94 | OK | |||
r-devel-linux-x86_64-fedora-gcc | 1.8.3 | 524.33 | OK | |||
r-devel-windows-x86_64 | 1.8.3 | 118.00 | 219.00 | 337.00 | OK | |
r-patched-linux-x86_64 | 1.8.3 | 135.92 | 163.53 | 299.45 | OK | |
r-release-linux-x86_64 | 1.8.3 | 134.13 | 164.21 | 298.34 | OK | |
r-release-macos-arm64 | 1.8.3 | 117.00 | OK | |||
r-release-macos-x86_64 | 1.8.3 | 296.00 | OK | |||
r-release-windows-x86_64 | 1.8.3 | 114.00 | 222.00 | 336.00 | OK | |
r-oldrel-macos-arm64 | 1.8.3 | 245.00 | NOTE | |||
r-oldrel-macos-x86_64 | 1.8.3 | 301.00 | NOTE | |||
r-oldrel-windows-x86_64 | 1.8.3 | 145.00 | 281.00 | 426.00 | OK |
Version: 1.8.3
Check: installed package size
Result: NOTE
installed size is 22.3Mb
sub-directories of 1Mb or more:
R 1.1Mb
libs 20.3Mb
Flavors: r-oldrel-macos-arm64, r-oldrel-macos-x86_64