CRAN Package Check Results for Package capushe

Last updated on 2025-07-22 13:49:09 CEST.

Flavor Version Tinstall Tcheck Ttotal Status Flags
r-devel-linux-x86_64-debian-clang 1.1.2 3.70 33.12 36.82 NOTE
r-devel-linux-x86_64-debian-gcc 1.1.2 2.26 25.51 27.77 NOTE
r-devel-linux-x86_64-fedora-clang 1.1.2 57.30 OK
r-devel-linux-x86_64-fedora-gcc 1.1.2 53.43 OK
r-devel-windows-x86_64 1.1.2 4.00 52.00 56.00 OK
r-patched-linux-x86_64 1.1.2 3.88 31.38 35.26 OK
r-release-linux-x86_64 1.1.2 2.92 32.05 34.97 OK
r-release-macos-arm64 1.1.2 23.00 OK
r-release-macos-x86_64 1.1.2 39.00 OK
r-release-windows-x86_64 1.1.2 5.00 53.00 58.00 OK
r-oldrel-macos-arm64 1.1.2 33.00 OK
r-oldrel-macos-x86_64 1.1.2 34.00 OK
r-oldrel-windows-x86_64 1.1.2 5.00 59.00 64.00 OK

Check Details

Version: 1.1.2
Check: CRAN incoming feasibility
Result: NOTE Maintainer: ‘Vincent Brault <vincent.brault@agroparistech.fr>’ No Authors@R field in DESCRIPTION. Please add one, modifying Authors@R: c(person(given = "Sylvain", family = "Arlot", role = "aut"), person(given = "Vincent", family = "Brault", role = c("aut", "cre"), email = "vincent.brault@agroparistech.fr"), person(given = "Jean-Patrick", family = "Baudry", role = "aut"), person(given = "Cathy", family = "Maugis", role = "aut"), person(given = "Bertrand", family = "Michel", role = "aut")) as necessary. Flavors: r-devel-linux-x86_64-debian-clang, r-devel-linux-x86_64-debian-gcc