Last updated on 2025-07-24 09:49:53 CEST.
Flavor | Version | Tinstall | Tcheck | Ttotal | Status | Flags |
---|---|---|---|---|---|---|
r-devel-linux-x86_64-debian-clang | 0.6.1 | 5.41 | 87.51 | 92.92 | NOTE | |
r-devel-linux-x86_64-debian-gcc | 0.6.1 | 3.60 | 61.00 | 64.60 | NOTE | |
r-devel-linux-x86_64-fedora-clang | 0.6.1 | 143.49 | OK | |||
r-devel-linux-x86_64-fedora-gcc | 0.6.1 | 151.13 | OK | |||
r-devel-windows-x86_64 | 0.6.1 | 7.00 | 100.00 | 107.00 | OK | |
r-patched-linux-x86_64 | 0.6.1 | 6.32 | 81.29 | 87.61 | OK | |
r-release-linux-x86_64 | 0.6.1 | 5.03 | 82.15 | 87.18 | OK | |
r-release-macos-arm64 | 0.6.1 | 49.00 | OK | |||
r-release-macos-x86_64 | 0.6.1 | 124.00 | OK | |||
r-release-windows-x86_64 | 0.6.1 | 8.00 | 101.00 | 109.00 | OK | |
r-oldrel-macos-arm64 | 0.6.1 | 48.00 | OK | |||
r-oldrel-macos-x86_64 | 0.6.1 | 70.00 | OK | |||
r-oldrel-windows-x86_64 | 0.6.1 | 9.00 | 139.00 | 148.00 | OK |
Version: 0.6.1
Check: CRAN incoming feasibility
Result: NOTE
Maintainer: ‘Steven Malevich <sbmalev@gmail.com>’
Package CITATION file contains call(s) to old-style personList() or
as.personList(). Please use c() on person objects instead.
Package CITATION file contains call(s) to old-style citEntry(). Please
use bibentry() instead.
Flavors: r-devel-linux-x86_64-debian-clang, r-devel-linux-x86_64-debian-gcc