CRAN Package Check Results for Package bssn

Last updated on 2025-05-28 17:57:17 CEST.

Flavor Version Tinstall Tcheck Ttotal Status Flags
r-devel-linux-x86_64-debian-clang 1.0 7.16 59.08 66.24 NOTE
r-devel-linux-x86_64-debian-gcc 1.0 5.88 42.39 48.27 NOTE
r-devel-linux-x86_64-fedora-clang 1.0 106.72 NOTE
r-devel-linux-x86_64-fedora-gcc 1.0 100.85 NOTE
r-devel-windows-x86_64 1.0 12.00 70.00 82.00 OK
r-patched-linux-x86_64 1.0 8.71 56.38 65.09 OK
r-release-linux-x86_64 1.0 7.73 56.51 64.24 OK
r-release-macos-arm64 1.0 32.00 OK
r-release-macos-x86_64 1.0 96.00 OK
r-release-windows-x86_64 1.0 9.00 73.00 82.00 OK
r-oldrel-macos-arm64 1.0 31.00 OK
r-oldrel-macos-x86_64 1.0 74.00 OK
r-oldrel-windows-x86_64 1.0 16.00 88.00 104.00 OK

Check Details

Version: 1.0
Check: CRAN incoming feasibility
Result: NOTE Maintainer: ‘Rocio Paola Maehara <rp.maeharaa@up.edu.pe>’ No Authors@R field in DESCRIPTION. Please add one, modifying Authors@R: c(person(given = c("Luis", "Benites"), family = "Sanchez", role = c("cre", "aut"), email = "lbenitess@pucp.edu.pe"), person(given = c("Rocio", "Paola"), family = "Maehara", role = c("cre", "aut"), email = "rp.maeharaa@up.edu.pe"), person(given = c("Paulo", "Jos<a9>", "Alejandro", "Aybar", "Flores"), family = "<a.aybarf@alum.up.edu.pe>", role = "ctb", email = "a.aybarf@alum.up.edu.pe")) as necessary. Flavors: r-devel-linux-x86_64-debian-clang, r-devel-linux-x86_64-debian-gcc

Version: 1.0
Check: dependencies in R code
Result: NOTE Namespaces in Imports field not imported from: ‘mvtnorm’ ‘ssmn’ All declared Imports should be used. Flavors: r-devel-linux-x86_64-fedora-clang, r-devel-linux-x86_64-fedora-gcc