CRAN Package Check Results for Package brea

Last updated on 2025-05-28 17:57:17 CEST.

Flavor Version Tinstall Tcheck Ttotal Status Flags
r-devel-linux-x86_64-debian-clang 0.3.1 2.98 48.88 51.86 NOTE
r-devel-linux-x86_64-debian-gcc 0.3.1 2.11 33.52 35.63 NOTE
r-devel-linux-x86_64-fedora-clang 0.3.1 84.69 OK
r-devel-linux-x86_64-fedora-gcc 0.3.1 95.68 OK
r-devel-windows-x86_64 0.3.1 4.00 64.00 68.00 OK
r-patched-linux-x86_64 0.3.1 2.61 44.71 47.32 OK
r-release-linux-x86_64 0.3.1 2.63 46.14 48.77 OK
r-release-macos-arm64 0.3.1 32.00 OK
r-release-macos-x86_64 0.3.1 73.00 OK
r-release-windows-x86_64 0.3.1 3.00 66.00 69.00 OK
r-oldrel-macos-arm64 0.3.1 33.00 OK
r-oldrel-macos-x86_64 0.3.1 119.00 OK
r-oldrel-windows-x86_64 0.3.1 3.00 75.00 78.00 OK

Check Details

Version: 0.3.1
Check: CRAN incoming feasibility
Result: NOTE Maintainer: ‘Adam J King <king@cpp.edu>’ No Authors@R field in DESCRIPTION. Please add one, modifying Authors@R: person(given = c("Adam", "J"), family = "King", role = c("aut", "cre"), email = "king@cpp.edu") as necessary. Flavors: r-devel-linux-x86_64-debian-clang, r-devel-linux-x86_64-debian-gcc