Last updated on 2025-07-16 13:48:23 CEST.
Flavor | Version | Tinstall | Tcheck | Ttotal | Status | Flags |
---|---|---|---|---|---|---|
r-devel-linux-x86_64-debian-clang | 1.0.4 | 38.95 | 82.85 | 121.80 | OK | |
r-devel-linux-x86_64-debian-gcc | 1.0.4 | 26.09 | 57.82 | 83.91 | OK | |
r-devel-linux-x86_64-fedora-clang | 1.0.4 | 209.91 | OK | |||
r-devel-linux-x86_64-fedora-gcc | 1.0.4 | 218.47 | OK | |||
r-devel-windows-x86_64 | 1.0.4 | 46.00 | 142.00 | 188.00 | OK | |
r-patched-linux-x86_64 | 1.0.4 | 42.36 | 77.92 | 120.28 | OK | |
r-release-linux-x86_64 | 1.0.4 | 39.35 | 76.47 | 115.82 | OK | |
r-release-macos-arm64 | 1.0.4 | 73.00 | OK | |||
r-release-macos-x86_64 | 1.0.4 | 140.00 | OK | |||
r-release-windows-x86_64 | 1.0.4 | 46.00 | 149.00 | 195.00 | OK | |
r-oldrel-macos-arm64 | 1.0.4 | 45.00 | NOTE | |||
r-oldrel-macos-x86_64 | 1.0.4 | 73.00 | NOTE | |||
r-oldrel-windows-x86_64 | 1.0.4 | 53.00 | 183.00 | 236.00 | NOTE |
Version: 1.0.4
Check: installed package size
Result: NOTE
installed size is 5.1Mb
sub-directories of 1Mb or more:
libs 4.7Mb
Flavors: r-oldrel-macos-arm64, r-oldrel-macos-x86_64
Version: 1.0.4
Check: for GNU extensions in Makefiles
Result: NOTE
GNU make is a SystemRequirements.
Flavors: r-oldrel-macos-arm64, r-oldrel-macos-x86_64, r-oldrel-windows-x86_64