Last updated on 2025-05-28 09:52:49 CEST.
Flavor | Version | Tinstall | Tcheck | Ttotal | Status | Flags |
---|---|---|---|---|---|---|
r-devel-linux-x86_64-debian-clang | 0.8.2 | 376.55 | 535.18 | 911.73 | OK | |
r-devel-linux-x86_64-debian-gcc | 0.8.2 | 363.29 | 386.96 | 750.25 | OK | |
r-devel-linux-x86_64-fedora-clang | 0.8.2 | 1640.80 | OK | |||
r-devel-linux-x86_64-fedora-gcc | 0.8.2 | 1977.72 | OK | |||
r-devel-windows-x86_64 | 0.8.2 | 512.00 | 504.00 | 1016.00 | OK | |
r-patched-linux-x86_64 | 0.8.2 | 413.91 | 560.63 | 974.54 | OK | |
r-release-linux-x86_64 | 0.8.2 | 509.93 | 559.36 | 1069.29 | OK | |
r-release-macos-arm64 | 0.8.2 | 395.00 | OK | |||
r-release-macos-x86_64 | 0.8.2 | 348.00 | OK | |||
r-release-windows-x86_64 | 0.8.2 | 516.00 | 490.00 | 1006.00 | OK | |
r-oldrel-macos-arm64 | 0.8.2 | 271.00 | NOTE | |||
r-oldrel-macos-x86_64 | 0.8.2 | 385.00 | NOTE | |||
r-oldrel-windows-x86_64 | 0.8.2 | 455.00 | 698.00 | 1153.00 | NOTE |
Version: 0.8.2
Check: package dependencies
Result: NOTE
Package suggested but not available for checking: ‘INLA’
Flavors: r-oldrel-macos-arm64, r-oldrel-macos-x86_64
Version: 0.8.2
Check: installed package size
Result: NOTE
installed size is 106.2Mb
sub-directories of 1Mb or more:
libs 102.8Mb
Flavors: r-oldrel-macos-arm64, r-oldrel-macos-x86_64, r-oldrel-windows-x86_64
Version: 0.8.2
Check: for GNU extensions in Makefiles
Result: NOTE
GNU make is a SystemRequirements.
Flavors: r-oldrel-macos-arm64, r-oldrel-macos-x86_64, r-oldrel-windows-x86_64